{"id":34,"date":"2019-04-17T13:35:51","date_gmt":"2019-04-17T10:35:51","guid":{"rendered":"http:\/\/teskongre.org\/fm2019\/?page_id=34"},"modified":"2023-09-12T10:35:34","modified_gmt":"2023-09-12T10:35:34","slug":"katilim-katilim-ucreti","status":"publish","type":"page","link":"https:\/\/teskongre.org\/fm2023\/katilim-katilim-ucreti\/","title":{"rendered":"Konaklama, Kat\u0131l\u0131m &#8211; Kat\u0131l\u0131m \u00dccreti"},"content":{"rendered":"\n<p>Kongre, kat\u0131lmak isteyen b\u00fct\u00fcn bilim insan\u0131 ve ara\u015ft\u0131rmac\u0131lara a\u00e7\u0131kt\u0131r. T\u00fcrk E\u011fitim-Sen ve UAESEB \u00fcyesi olanlara kat\u0131l\u0131m \u00fccretinde indirimlidir. Kongre\u2019de bizzat bildiri sunan kat\u0131l\u0131mc\u0131lara bildirilerini sunduklar\u0131na dair kat\u0131l\u0131m serfikas\u0131 verilecektir. Kongre bildirilerinin \u201cKongre Kitab\u0131nda\u201d yer almas\u0131 i\u00e7in; kongre kay\u0131t i\u015flemlerinin tamamlanm\u0131\u015f olmas\u0131 ve bildirinin kongrede sunulmu\u015f olmas\u0131 gerekmektedir.<\/p>\n\n\n\n<p>T\u00fcrk E\u011fitim-Sen ve UAESEB \u00fcyesi olan, kongreye kat\u0131lmak isteyen kat\u0131l\u0131mc\u0131lardan sembolik bir kat\u0131l\u0131m \u00fccreti olarak 1000 TL al\u0131nacakt\u0131r. T\u00fcrk E\u011fitim-Sen \u00fcyesi olmayan kat\u0131l\u0131mc\u0131lardan 6000 TL \u00fccret al\u0131nacakt\u0131r. Bu \u00fccret kapsam\u0131nda&nbsp;<strong>Payla\u015f\u0131ml\u0131 odalarda<\/strong>&nbsp;30 Kas\u0131m-1-2-3 Aral\u0131k 2023 tarihlerini i\u00e7eren \u00fc\u00e7 gece konaklama, kongre bask\u0131 giderleri, ikramlar ve havaalan\u0131ndan otele, otelden hava alan\u0131na transferler gibi b\u00fct\u00fcn kongre giderleri T\u00fcrk E\u011fitim-Sen taraf\u0131ndan kar\u015f\u0131lanacak; kat\u0131l\u0131mc\u0131lardan al\u0131nan s\u00f6z konusu sembolik \u00fccret d\u0131\u015f\u0131nda hi\u00e7bir \u00fccret talep edilmeyecektir. Her bildiri i\u00e7in yaln\u0131zca bir yazar\u0131n konaklama masraflar\u0131 kar\u015f\u0131lanacakt\u0131r.<\/p>\n\n\n\n<p><strong>Kongre \u00fccretini yat\u0131rmak i\u00e7in gerekli hesap bilgileri<\/strong><\/p>\n\n\n\n<p>IBAN: TR15 0006 2001 2590 0006 6617 42<\/p>\n\n\n\n<p>Hesap Ad\u0131: Ajda Co\u015far<\/p>\n\n\n\n<p>Banka: Garanti Bankas\u0131 Lara \u015eubesi<\/p>\n\n\n\n<p><strong><em>Not: <\/em><\/strong>Her bildiri i\u00e7in yaln\u0131zca bir yazar\u0131n konaklama masraflar\u0131 kar\u015f\u0131lanacakt\u0131r.<\/p>\n\n\n\n<p><strong>Kongrenin yap\u0131laca\u011f\u0131 otel bilgileri<\/strong><\/p>\n\n\n\n<p>Aska Lara Resort SPA<\/p>\n\n\n\n<p>Adres: Kemera\u011fz\u0131, Ya\u015far Sobutay Bulvar\u0131 No:397, 07112 Aksu\/Antalya<\/p>\n\n\n\n<p>Telefon: (0242) 320 57 00<\/p>\n\n\n\n<p>Kongre konum g\u00f6r\u00fcnt\u00fclemek i\u00e7in l\u00fctfen t\u0131klay\u0131n\u0131z <a href=\"https:\/\/goo.gl\/maps\/QPW3GutXP2WU1peo8\">https:\/\/goo.gl\/maps\/QPW3GutXP2WU1peo8<\/a><\/p>\n\n\n\n<p><\/p>\n\n\n\n<p><strong>KATILIMCI HAR\u0130C\u0130 KONAKLAMA \u00dcCRETLER\u0130 VE \u0130LET\u0130\u015e\u0130M B\u0130LG\u0130LER\u0130<\/strong><\/p>\n\n\n\n<p><strong>ASKA LARA RESORT &amp; SPA 5*<\/strong><\/p>\n\n\n\n<figure class=\"wp-block-table\"><table><tbody><tr><td colspan=\"2\"><strong>KONAKLAMA B\u0130LG\u0130LER\u0130<\/strong><\/td><\/tr><tr><td><strong>KONAKLAMA T\u00dcR\u00dc ( Alkols\u00fcz Her \u015fey D\u00e2hil )<\/strong><\/td><td><strong>GECEL\u0130K \u00dcCRET<\/strong><\/td><\/tr><tr><td>E\u015f \u2013 Yak\u0131n<\/td><td><strong>50 Euro<\/strong><\/td><\/tr><tr><td>E\u015f + 1. \u00c7ocuk ( 00- 06,99 Ya\u015f )<\/td><td><strong>50 Euro&nbsp; + 0 Euro<\/strong><\/td><\/tr><tr><td>E\u015f + 1. \u00c7ocuk ( 07 \u2013 11,99 Ya\u015f )<\/td><td><strong>50 Euro&nbsp; + 25 Euro<\/strong><\/td><\/tr><tr><td>E\u015f + 1.\u00c7ocuk ( 00 \u201306,99 Ya\u015f) + 2.\u00c7ocuk (00-11,99 Ya\u015f)<\/td><td><strong>50 Euro&nbsp; + 0 Euro + 25 Euro<\/strong><\/td><\/tr><tr><td>E\u015f + 1 \u00c7ocuk (07-11,99 Ya\u015f) + 2.\u00c7ocuk (00-11,99 Ya\u015f)<\/td><td><strong>50 Euro&nbsp; + 25 Euro + 25 Euro<\/strong><\/td><\/tr><tr><td>E\u015f + 12 Ya\u015f \u00dczeri \u00c7ocuk<\/td><td><strong>50 Euro&nbsp; + 50 Euro<\/strong><\/td><\/tr><\/tbody><\/table><\/figure>\n\n\n\n<p>*00-06 Ya\u015f 1.\u00c7ocuk \u00fccretsizdir. *07-12 ya\u015f \u00e7ocuklar&nbsp; %50 \u00fccretlidir.&nbsp; \u0130kinci \u00e7ocuk da 00 \u2013 12 Ya\u015f \u00dcCRETL\u0130D\u0130R.<\/p>\n\n\n\n<p>&nbsp;Yukar\u0131daki \u00e7ocuk fiyatlar\u0131 iki yeti\u015fkinin yan\u0131nda ge\u00e7erlidir.<\/p>\n\n\n\n<p>*E\u015f ve \u00e7ocuklar\u0131 ile birlikte kat\u0131lmak isteyen kat\u0131l\u0131mc\u0131lar 10 Kas\u0131m 2023 tarihine kadar <strong><em>TAUTAT\u0130L <\/em><\/strong>ile irtibata ge\u00e7erek rezervasyon yapt\u0131rmalar\u0131 gerekmektedir.<\/p>\n\n\n\n<p>E\u015f-aile \u2013yak\u0131n i\u00e7in otel \u00fccretleri rezervasyon yap\u0131l\u0131nca a\u015fa\u011f\u0131daki banka ( havale ) ile \u00f6denecektir.<\/p>\n\n\n\n<p>Otele giri\u015fler 14.00\u2019den itibaren, \u00e7\u0131k\u0131\u015flar ise en ge\u00e7 12.00\u2019de yap\u0131labilecektir.<\/p>\n\n\n\n<p>Giri\u015f g\u00fcn\u00fc \u00f6\u011fle yeme\u011fi ile ba\u015flar, \u00e7\u0131k\u0131\u015f g\u00fcn\u00fc ise sabah kahvalt\u0131s\u0131 ile biter.<\/p>\n\n\n\n<p><strong>F\u0130NANS BANK:<\/strong><\/p>\n\n\n\n<p><strong>TAUTAT\u0130L ORGAN\u0130ZASYON EG\u0130T\u0130M TUR\u0130ZM T\u0130CARET L\u0130M\u0130TED \u015e\u0130RKET\u0130<\/strong><\/p>\n\n\n\n<p><strong>TL HESAP: <\/strong><strong>TR80 0011 1000 0000 0107 3594 44<\/strong><\/p>\n\n\n\n<p><strong>KONAKLAMA \u0130\u00c7\u0130N \u0130RT\u0130BAT DETAYLARI<\/strong><strong><\/strong><\/p>\n\n\n\n<p><strong>TAUTATIL ORG. EGT. TUR\u0130ZM T\u0130C. LTD STI<\/strong><\/p>\n\n\n\n<p><strong>Adres: \u00c7a\u011flayan Mah. 2084 Sk. Burcu Sitesi D Blok No:4 \u0130\u00e7 Kap\u0131: 4, Muratpa\u015fa-ANTALYA<\/strong><\/p>\n\n\n\n<p><strong>E-posta ve \u0130nternet Adresi: info@tautatil.com \/ www.tautatil.com<\/strong><\/p>\n\n\n\n<p><strong>Yetkili Ki\u015filer :&nbsp; Emine Akkan<\/strong><\/p>\n\n\n\n<p><strong>Telefon +90 533 957 42 58<\/strong><\/p>\n\n\n\n<p><strong>\u00c7al\u0131\u015fma Saatleri : 09.00 \u2013 17:00&nbsp; ( Hafta i\u00e7i )<\/strong><\/p>\n","protected":false},"excerpt":{"rendered":"<p>Kongre, kat\u0131lmak isteyen b\u00fct\u00fcn bilim insan\u0131 ve ara\u015ft\u0131rmac\u0131lara a\u00e7\u0131kt\u0131r. T\u00fcrk E\u011fitim-Sen ve UAESEB \u00fcyesi olanlara kat\u0131l\u0131m \u00fccretinde indirimlidir. Kongre\u2019de bizzat bildiri sunan kat\u0131l\u0131mc\u0131lara bildirilerini sunduklar\u0131na dair kat\u0131l\u0131m serfikas\u0131 verilecektir. Kongre bildirilerinin \u201cKongre Kitab\u0131nda\u201d yer almas\u0131 i\u00e7in; kongre kay\u0131t i\u015flemlerinin tamamlanm\u0131\u015f olmas\u0131 ve bildirinin kongrede sunulmu\u015f olmas\u0131 gerekmektedir. T\u00fcrk E\u011fitim-Sen ve UAESEB \u00fcyesi olan, kongreye kat\u0131lmak\u2026 <span class=\"read-more\"><a href=\"https:\/\/teskongre.org\/fm2023\/katilim-katilim-ucreti\/\">Read More &raquo;<\/a><\/span><\/p>\n","protected":false},"author":1,"featured_media":0,"parent":0,"menu_order":0,"comment_status":"closed","ping_status":"closed","template":"","meta":{"footnotes":""},"class_list":["post-34","page","type-page","status-publish","hentry"],"_links":{"self":[{"href":"https:\/\/teskongre.org\/fm2023\/wp-json\/wp\/v2\/pages\/34","targetHints":{"allow":["GET"]}}],"collection":[{"href":"https:\/\/teskongre.org\/fm2023\/wp-json\/wp\/v2\/pages"}],"about":[{"href":"https:\/\/teskongre.org\/fm2023\/wp-json\/wp\/v2\/types\/page"}],"author":[{"embeddable":true,"href":"https:\/\/teskongre.org\/fm2023\/wp-json\/wp\/v2\/users\/1"}],"replies":[{"embeddable":true,"href":"https:\/\/teskongre.org\/fm2023\/wp-json\/wp\/v2\/comments?post=34"}],"version-history":[{"count":17,"href":"https:\/\/teskongre.org\/fm2023\/wp-json\/wp\/v2\/pages\/34\/revisions"}],"predecessor-version":[{"id":573,"href":"https:\/\/teskongre.org\/fm2023\/wp-json\/wp\/v2\/pages\/34\/revisions\/573"}],"wp:attachment":[{"href":"https:\/\/teskongre.org\/fm2023\/wp-json\/wp\/v2\/media?parent=34"}],"curies":[{"name":"wp","href":"https:\/\/api.w.org\/{rel}","templated":true}]}}