{"id":24,"date":"2019-04-17T13:34:49","date_gmt":"2019-04-17T10:34:49","guid":{"rendered":"http:\/\/teskongre.org\/fm2019\/?page_id=24"},"modified":"2024-08-22T14:27:51","modified_gmt":"2024-08-22T14:27:51","slug":"bildiri-kitapcigi","status":"publish","type":"page","link":"https:\/\/teskongre.org\/fm2023\/bildiri-kitapcigi\/","title":{"rendered":"Bildiri Kitap\u00e7\u0131\u011f\u0131"},"content":{"rendered":"\n<p>I. Cilt i\u00e7in <a href=\"https:\/\/drive.google.com\/file\/d\/1NFkGvZGB-XiFQ3Lk0mi7JaYl-muIh9KK\/view?usp=sharing\">t\u0131klay\u0131n\u0131z<\/a> (260 Mb)<\/p>\n\n\n\n<p>II. Cilt i\u00e7in <a href=\"https:\/\/drive.google.com\/file\/d\/1LI3XvNSbaNv4yxpGnpRbEycUR6upRVjH\/view?usp=sharing\">t\u0131klay\u0131n\u0131z<\/a> (60 Mb)<\/p>\n\n\n\n<p>\u00d6zet Kitap\u00e7\u0131k i\u00e7in <a href=\"https:\/\/drive.google.com\/file\/d\/1ZZFeLRgWK8DnHjepJp7I5AHieLA3HYWO\/view?usp=sharing\">t\u0131klay\u0131n\u0131z<\/a> (40 Mb)<\/p>\n","protected":false},"excerpt":{"rendered":"<p>I. Cilt i\u00e7in t\u0131klay\u0131n\u0131z (260 Mb) II. Cilt i\u00e7in t\u0131klay\u0131n\u0131z (60 Mb) \u00d6zet Kitap\u00e7\u0131k i\u00e7in t\u0131klay\u0131n\u0131z (40 Mb)<\/p>\n","protected":false},"author":1,"featured_media":0,"parent":0,"menu_order":0,"comment_status":"closed","ping_status":"closed","template":"","meta":{"footnotes":""},"class_list":["post-24","page","type-page","status-publish","hentry"],"_links":{"self":[{"href":"https:\/\/teskongre.org\/fm2023\/wp-json\/wp\/v2\/pages\/24","targetHints":{"allow":["GET"]}}],"collection":[{"href":"https:\/\/teskongre.org\/fm2023\/wp-json\/wp\/v2\/pages"}],"about":[{"href":"https:\/\/teskongre.org\/fm2023\/wp-json\/wp\/v2\/types\/page"}],"author":[{"embeddable":true,"href":"https:\/\/teskongre.org\/fm2023\/wp-json\/wp\/v2\/users\/1"}],"replies":[{"embeddable":true,"href":"https:\/\/teskongre.org\/fm2023\/wp-json\/wp\/v2\/comments?post=24"}],"version-history":[{"count":15,"href":"https:\/\/teskongre.org\/fm2023\/wp-json\/wp\/v2\/pages\/24\/revisions"}],"predecessor-version":[{"id":611,"href":"https:\/\/teskongre.org\/fm2023\/wp-json\/wp\/v2\/pages\/24\/revisions\/611"}],"wp:attachment":[{"href":"https:\/\/teskongre.org\/fm2023\/wp-json\/wp\/v2\/media?parent=24"}],"curies":[{"name":"wp","href":"https:\/\/api.w.org\/{rel}","templated":true}]}}