{"id":54,"date":"2019-04-17T13:37:29","date_gmt":"2019-04-17T10:37:29","guid":{"rendered":"http:\/\/teskongre.org\/fm2019\/?page_id=54"},"modified":"2021-05-01T11:49:53","modified_gmt":"2021-05-01T11:49:53","slug":"yazim-kurallari","status":"publish","type":"page","link":"https:\/\/teskongre.org\/fm2021eng\/yazim-kurallari\/","title":{"rendered":"Paper Format"},"content":{"rendered":"\n<div class=\"wp-block-group\"><div class=\"wp-block-group__inner-container is-layout-flow wp-block-group-is-layout-flow\">\n<p>3. Uluslararas\u0131 T\u00fcrk D\u00fcnyas\u0131 M\u00fchendislik ve Fen Bilimleri Kongresi yaz\u0131m kurallar\u0131n\u0131 g\u00f6rmek i\u00e7in ilgili linke t\u0131klay\u0131n\u0131z.<\/p>\n<p><a href=\"https:\/\/drive.google.com\/file\/d\/1zNQnR5uf-rsToJUpZBUodaw491JS7Rpc\/view?usp=sharing\">Tu\u0308rkc\u0327e<\/a><\/p>\n<p>\n<p>Please click on the following links for manuscript guidelines <\/p>\n<a href=\"https:\/\/drive.google.com\/file\/d\/1Gkb1jIdY2nNqWmQ4RCjHr8NG6JHRJ5Si\/view?usp=sharing\">English<\/a><\/p>\n<\/div><\/div>\n\n\n\n<p><\/p>\n","protected":false},"excerpt":{"rendered":"<p>3. Uluslararas\u0131 T\u00fcrk D\u00fcnyas\u0131 M\u00fchendislik ve Fen Bilimleri Kongresi yaz\u0131m kurallar\u0131n\u0131 g\u00f6rmek i\u00e7in ilgili linke t\u0131klay\u0131n\u0131z. Tu\u0308rkc\u0327e Please click on the following links for manuscript guidelines English<\/p>\n","protected":false},"author":1,"featured_media":0,"parent":0,"menu_order":0,"comment_status":"closed","ping_status":"closed","template":"","meta":{"footnotes":""},"class_list":["post-54","page","type-page","status-publish","hentry"],"_links":{"self":[{"href":"https:\/\/teskongre.org\/fm2021eng\/wp-json\/wp\/v2\/pages\/54","targetHints":{"allow":["GET"]}}],"collection":[{"href":"https:\/\/teskongre.org\/fm2021eng\/wp-json\/wp\/v2\/pages"}],"about":[{"href":"https:\/\/teskongre.org\/fm2021eng\/wp-json\/wp\/v2\/types\/page"}],"author":[{"embeddable":true,"href":"https:\/\/teskongre.org\/fm2021eng\/wp-json\/wp\/v2\/users\/1"}],"replies":[{"embeddable":true,"href":"https:\/\/teskongre.org\/fm2021eng\/wp-json\/wp\/v2\/comments?post=54"}],"version-history":[{"count":1,"href":"https:\/\/teskongre.org\/fm2021eng\/wp-json\/wp\/v2\/pages\/54\/revisions"}],"predecessor-version":[{"id":313,"href":"https:\/\/teskongre.org\/fm2021eng\/wp-json\/wp\/v2\/pages\/54\/revisions\/313"}],"wp:attachment":[{"href":"https:\/\/teskongre.org\/fm2021eng\/wp-json\/wp\/v2\/media?parent=54"}],"curies":[{"name":"wp","href":"https:\/\/api.w.org\/{rel}","templated":true}]}}