{"id":28,"date":"2019-04-17T13:35:09","date_gmt":"2019-04-17T10:35:09","guid":{"rendered":"http:\/\/teskongre.org\/fm2019\/?page_id=28"},"modified":"2021-05-01T11:48:51","modified_gmt":"2021-05-01T11:48:51","slug":"bilim-kurulu","status":"publish","type":"page","link":"https:\/\/teskongre.org\/fm2021eng\/bilim-kurulu\/","title":{"rendered":"Scientific Committee"},"content":{"rendered":"\n<p>Prof. Dr. Abd\u00fcl Rezak Abu Ta\u0131r (The British University \u0130n Dubai Engineering Faculty)<br>Prof. Dr. Adilkhan Zhangaziyev (Taraz State Pedagogical University \u2013 Kazakistan)<br>Prof. Dr. Abd\u0131kal\u0131kov Ak\u0131lbek Abd\u0131kal\u0131kovich (K\u0131rg\u0131z Devlet \u0130n\u015faat, Ula\u015f\u0131m ve Mimarl\u0131k \u00dcniversitesi-K\u0131rg\u0131zistan)<br>Prof. Dr. Adel ElKordi (Beirut Arab University)<br>Prof. Dr. Agron Bajraktar\u0131 (Kosava Ferizaj University)<br>Prof. Dr. Ali Di\u015fli (Gazi \u00dcniversitesi)<br>Prof. Dr. Ali Fuat Boz (Sakarya \u00dcniversitesi)<br>Prof. Dr. Andres Seco (University Of Navarre, Urban And Agriculture)<br>Prof. Dr. \u018flizad\u0259 Rasim \u0130smay\u0131l o\u011flu (Azerbaycan Teknik \u00dcniversitesi \u2013 Azerbaycan)<br>Prof. Dr. \u018fliyev \u018fli Binn\u0259t o\u011flu (Azerbaycan Mimarl\u0131k ve \u0130n\u015faat \u00dcniversitesi \u2013 Azerbaycan)<br>Prof. Dr. \u018fhm\u0259dov Hikm\u0259t \u0130n\u015falla o\u011flu (Bak\u00fc Devlet \u00dcniversitesi- Azerbaycan)<br>Prof. Dr. Germ\u00e1n F. De La Fuente ( Zaragoza University Engineering Faculty)<br>Prof. Dr. \u0130brahim T\u00fckenmez (Gazi \u00dcniversitesi)<br>Prof. Dr. Jamal Khatib (Beirut Arab University)<br>Prof. Dr. Jerzy Smardzewski (Pozman University)<br>Prof. Dr. John Kinuthia (University Of South Wales, Engineering Faculty)<br>Prof. Dr. Luis Alberto Angurel ( Zaragoza University Engineering Faculty)<br>Prof. Dr. Marat Zhurinov (National Academy of Science of the Kazakhstan)<br>Prof. Dr. Md Shahriar Hossain (University Of Wollongong Australia)<br>Prof. Dr. Musayev Na\u011f\u0131 Alm\u0259mm\u0259d o\u011flu (Bak\u00fc Devlet \u00dcniversitesi- Azerbaycan)<br>Prof. Dr. Neamullah Khan (NCEAC University of Sindlt)<br>Prof. Dr. Najib Cheggour Florida State University)<br>Prof. Dr. Naoyuki Amem\u0131ya (Kyoto University Engineering Faculty)<br>Prof. Dr. Nihat Sinan I\u015eIK (Gazi \u00dcniversitesi )<br>Prof. Dr. Tayirov Mitalip Tayirovich (Batken Devlet \u00dcniversitesi \u2013 K\u0131rg\u0131zistan)<br>Prof. Dr. Pascal Nzokou (Michagan State University)<br>Prof. Dr. Alaattin KA\u00c7AL (Dumlup\u0131nar \u00dcniversitesi)<br>Prof. Dr. Recep Birg\u00fcl (Mu\u011fla S\u0131tk\u0131 Ko\u00e7man \u00dcniversitesi)<br>Prof. Dr. Saleh Sultansoy (Tobb Teknoloji \u00dcniversitesi)<br>Prof. Dr. Selami Candan (Gazi \u00dcniversitesi)<br>Prof. Dr. Zulkhayir Mansurov (Institute of Combustion Problems- Kazakistan)<br>Prof. Dr. Halim Boussabaine, Project Management<br>Prof. Dr. Kareem Tahboub Mechanical Engineering<br>Prof. Dr. \u015e\u0131x\u0259liyev Namiq Q\u00fcrb\u0259t o\u011flu (Bak\u00fc Devlet \u00dcniversitesi- Azerbaycan)<br>Prof. Dr. Zafer \u00dcs\u00fcnda\u011f (Dumlup\u0131nar \u00dcniversitesi)<br>Prof. Dr. Zulpuyev Abdivap Zupuyevich (Batken Devlet \u00dcniversitesi \u2013 K\u0131rg\u0131zistan)<br>Prof. Dr. Qocayev Niftal\u0131 Mehral\u0131 o\u011flu (Bak\u00fc M\u00dchendislik \u00dcniversitesi- Azerbaycan)<br>Prof. Dr. Necati \u00c7atba\u015f (University of Central Florida)<br>Prof.Dr. M\u00fcmtaz \u00dcsmen (Wayne State University)<br>Do\u00e7. Dr. Giuseppe Loprenc\u0131pe ( Department of Civil Engineering, Construction and Environmental, Sapienza University of Rome)<br>Associate Professor Raad Azzawi (University of Texas at Arlington)<br>Assistant Professor Himan Hojat Jalali (University of Texas at Arlington)<br>Assistant Professor Musab Aied Qissab Al-Janabi\u202c (Al-Nahrain University)<br>Associate Professor Lyubomir Zdravkov (University of Architecture, Civil Engineering and Geodesy)<br>Dr. Mehrdad Aghagholizadeh (Southern Methodist University)<br>Dr. Margaret Carter (Manchester University)<br>Dr. Mahsa Seyyedian Choobi (Techinical University Of Denmark)<br>Dr. Michael Lisyuk (Director for Development Georeconstruction Group of Companies)<\/p>\n","protected":false},"excerpt":{"rendered":"<p>Prof. Dr. Abd\u00fcl Rezak Abu Ta\u0131r (The British University \u0130n Dubai Engineering Faculty)Prof. Dr. Adilkhan Zhangaziyev (Taraz State Pedagogical University \u2013 Kazakistan)Prof. Dr. Abd\u0131kal\u0131kov Ak\u0131lbek Abd\u0131kal\u0131kovich (K\u0131rg\u0131z Devlet \u0130n\u015faat, Ula\u015f\u0131m ve Mimarl\u0131k \u00dcniversitesi-K\u0131rg\u0131zistan)Prof. Dr. Adel ElKordi (Beirut Arab University)Prof. Dr. Agron Bajraktar\u0131 (Kosava Ferizaj University)Prof. Dr. Ali Di\u015fli (Gazi \u00dcniversitesi)Prof. Dr. Ali Fuat Boz (Sakarya\u2026 <span class=\"read-more\"><a href=\"https:\/\/teskongre.org\/fm2021eng\/bilim-kurulu\/\">Read More &raquo;<\/a><\/span><\/p>\n","protected":false},"author":1,"featured_media":0,"parent":0,"menu_order":0,"comment_status":"closed","ping_status":"closed","template":"","meta":{"footnotes":""},"class_list":["post-28","page","type-page","status-publish","hentry"],"_links":{"self":[{"href":"https:\/\/teskongre.org\/fm2021eng\/wp-json\/wp\/v2\/pages\/28","targetHints":{"allow":["GET"]}}],"collection":[{"href":"https:\/\/teskongre.org\/fm2021eng\/wp-json\/wp\/v2\/pages"}],"about":[{"href":"https:\/\/teskongre.org\/fm2021eng\/wp-json\/wp\/v2\/types\/page"}],"author":[{"embeddable":true,"href":"https:\/\/teskongre.org\/fm2021eng\/wp-json\/wp\/v2\/users\/1"}],"replies":[{"embeddable":true,"href":"https:\/\/teskongre.org\/fm2021eng\/wp-json\/wp\/v2\/comments?post=28"}],"version-history":[{"count":1,"href":"https:\/\/teskongre.org\/fm2021eng\/wp-json\/wp\/v2\/pages\/28\/revisions"}],"predecessor-version":[{"id":310,"href":"https:\/\/teskongre.org\/fm2021eng\/wp-json\/wp\/v2\/pages\/28\/revisions\/310"}],"wp:attachment":[{"href":"https:\/\/teskongre.org\/fm2021eng\/wp-json\/wp\/v2\/media?parent=28"}],"curies":[{"name":"wp","href":"https:\/\/api.w.org\/{rel}","templated":true}]}}