{"id":30,"date":"2019-04-17T13:35:22","date_gmt":"2019-04-17T13:35:22","guid":{"rendered":"http:\/\/teskongre.org\/fm2019\/?page_id=30"},"modified":"2024-12-23T07:22:18","modified_gmt":"2024-12-23T07:22:18","slug":"duzenleme-kurulu","status":"publish","type":"page","link":"https:\/\/teskongre.org\/es2024\/duzenleme-kurulu\/","title":{"rendered":"D\u00fczenleme Kurulu"},"content":{"rendered":"\n<p>Prof. Dr. Ahmet Burhan \u00c7AKICI Karamano\u011flu Mehmetbey \u00dcniversitesi<br>Prof. Dr. D\u00fcndar YENER Bolu Abant \u0130zzet Baysal \u00dcniversitesi<br>Prof. Dr. Fahri KILI\u00c7 Bolu Abant \u0130zzet Baysal \u00dcniversitesi<br>Prof. Dr. Gizem SAYGILI Karamano\u011flu Mehmetbey \u00dcniversitesi<br>Prof. Dr. Hakan AKDA\u011e Mersin \u00dcniversitesi<br>Prof. Dr. Hakan YAMAN Bolu Abant \u0130zzet Baysal \u00dcniversitesi<br>Prof. Dr. Hasan YAYLI K\u0131r\u0131kkale \u00dcniversitesi<br>Prof. Dr. Hasan AYDEM\u0130R \u0130n\u00f6n\u00fc \u00dcniversitesi<br>Prof. Dr. Himmet KARADAL Bolu Abant \u0130zzet Baysal \u00dcniversitesi<br>Prof. Dr. H\u00fcseyin ARTUN Van Y\u00fcz\u00fcnc\u00fc Y\u0131l \u00dcniversitesi<br>Prof. Dr. Kaya YILDIZ Bolu Abant \u0130zzet Baysal \u00dcniversitesi<br>Prof. Dr. Mehmet DALKILI\u00c7 Karamano\u011flu Mehmetbey \u00dcniversitesi<br>Prof. Dr. Murat \u00d6ZT\u00dcRK Van Y\u00fcz\u00fcnc\u00fc Y\u0131l \u00dcniversitesi<br>Prof. Dr. Mustafa TALAS Ni\u011fde \u00d6mer Halisdemir \u00dcniversitesi<br>Prof. Dr. Ramazan SEVER \u0130n\u00f6n\u00fc \u00dcniversitesi<br>Prof. Dr. Sedat MADEN Bayburt \u00dcniversitesi<br>Prof. Dr. Yavuz AK\u00c7\u0130 Bolu Abant \u0130zzet Baysal \u00dcniversitesi<br>Prof. Dr. Yusuf CER\u0130T Bolu Abant \u0130zzet Baysal \u00dcniversitesi<br>Prof. Dr. Z\u00fchal ERGEN \u00c7ukurova \u00dcniversitesi<br>Do\u00e7. Dr. Abdulkadir PALABIYIK Dokuz Eyl\u00fcl \u00dcniversitesi<br>Do\u00e7. Dr. Abdullah KORAY Zonguldak B\u00fclent Ecevit \u00dcniversitesi<br>Do\u00e7. Dr. Abd\u00fclhakim Bahad\u0131r DARI K\u0131rg\u0131zistan T\u00fcrkiye Manas \u00dcniversitesi<br>Do\u00e7. Dr. Ahmet ALTAY Bart\u0131n \u00dcniversitesi<br>Do\u00e7. Dr. Ahmet \u00d6ZMEN Kafkas \u00dcniversitesi<br>Do\u00e7. Dr. Ahmet Volkan Y\u00dcZ\u00dcAK Bart\u0131n \u00dcniversitesi<br>Do\u00e7. Dr. Ali TAN Mersin \u00dcniversitesi<br>Do\u00e7. Dr. Alpaslan KARABULUT Bolu Abant \u0130zzet Baysal \u00dcniversitesi<br>Do\u00e7. Dr. Alper S\u0130NAN Akdeniz \u00dcniversitesi<br>Do\u00e7. Dr. Alper TAZEG\u00dcL Kafkas \u00dcniversitesi<br>Do\u00e7. Dr. Arzu \u00c7EV\u0130K Bart\u0131n \u00dcniversitesi<br>Do\u00e7. Dr. Asl\u0131 MADEN Bayburt \u00dcniversitesi<br>Do\u00e7. Dr. Atilla Y\u00dcCEL F\u0131rat \u00dcniversitesi<br>Do\u00e7. Dr. Ayg\u00fcl D\u00dcZENL\u0130 \u00c7ukurova \u00dcniversitesi<br>Do\u00e7. Dr. Ayhan KARAKA\u015e \u00c7ukurova \u00dcniversitesi<br>Do\u00e7. Dr. Beyzade NAD\u0130R \u00c7ET\u0130N F\u0131rat \u00dcniversitesi<br>Do\u00e7. Dr. Birol BULUT F\u0131rat \u00dcniversitesi<br>Do\u00e7. Dr. Burhan CO\u015eKUN K\u0131rklareli \u00dcniversitesi<br>Do\u00e7. Dr. B\u00fclent \u015eI\u011eVA Erzincan Binali Y\u0131ld\u0131r\u0131m \u00dcniversitesi<br>Do\u00e7. Dr. Canan TUN\u00c7 \u015eAH\u0130N Zonguldak B\u00fclent Ecevit \u00dcniversitesi<br>Do\u00e7. Dr. Din\u00e7er ATAY Kafkas \u00dcniversitesi<br>Do\u00e7. Dr. Do\u00e7. Dr. Arzu \u015eeyda G\u00dcVEN Kafkas \u00dcniversitesi<br>Do\u00e7. Dr. Efecan KARAG\u00d6L Zonguldak B\u00fclent Ecevit \u00dcniversitesi<br>Do\u00e7. Dr. Emin KIRKIL Manisa Celal Bayar \u00dcniversitesi<br>Do\u00e7. Dr. Emine KARASU AVCI Kastamonu \u00dcniversitesi<br>Do\u00e7. Dr. Emrah BOYLU Bart\u0131n \u00dcniversitesi<br>Do\u00e7. Dr. Emrah \u00d6RG\u00dcN Sinop \u00dcniversitesi<br>Do\u00e7. Dr. Ercan CENG\u0130Z Kafkas \u00dcniversitesi<br>Do\u00e7. Dr. Erkan YARIMKAYA Bayburt \u00dcniversitesi<br>Do\u00e7. Dr. Ersan TOLUKAN Y\u0131ld\u0131r\u0131m Beyaz\u0131t \u00dcniversitesi<br>Do\u00e7. Dr. Ertu\u011frul BAYER Isparta Uygulamal\u0131 Bilimler \u00dcniversitesi<br>Do\u00e7. Dr. Esma TORUN \u00c7EL\u0130K Kocaeli \u00dcniversitesi<br>Do\u00e7. Dr. Ey\u00fcp BOZKURT F\u0131rat \u00dcniversitesi<br>Do\u00e7. Dr. Fahri \u00d6ZSUNGUR Mersin \u00dcniversitesi<br>Do\u00e7. Dr. Fatih BALCI Kayseri \u00dcniversitesi<br>Do\u00e7. Dr. Fatih OKUR Bayburt \u00dcniversitesi<br>Do\u00e7. Dr. Fatma \u015eAH\u0130N \u00c7ukurova \u00dcniversitesi<br>Do\u00e7. Dr. Fatmanur AL\u0130BEK\u0130RO\u011eLU EREN \u00c7ukurova \u00dcniversitesi<br>Do\u00e7. Dr. Fatma S\u00fcreyya KURTO\u011eLU Ankara Hac\u0131 Bayram Veli \u00dcniversitesi<br>Do\u00e7. Dr. Ferdi G\u00dcZEL Bayburt \u00dcniversitesi<br>Do\u00e7. Dr. Ferhat BERBER Manisa Celal Bayar \u00dcniversitesi<br>Do\u00e7. Dr. Ferhat G\u00dcDER Bayburt \u00dcniversitesi<br>Do\u00e7. Dr. Ferit Y\u00dcCEBA\u015e Van Y\u00fcz\u00fcnc\u00fc Y\u0131l \u00dcniversitesi<br>Do\u00e7. Dr. Ferruh KAYALAN Bal\u0131kesir \u00dcniversitesi<br>Do\u00e7. Dr. Fuat Serkan SAY Mersin \u00dcniversitesi<br>Do\u00e7. Dr. G\u00f6khan G\u00dcNE\u015e Mersin \u00dcniversitesi<br>Do\u00e7. Dr. G\u00f6kmen KANTAR Nam\u0131k Kemal \u00dcniversitesi<br>Do\u00e7. Dr. G\u00f6ksel Kemal G\u0130RG\u0130N Bal\u0131kesir \u00dcniversitesi\u201d<br>Do\u00e7. Dr. G\u00fcrkan AKDA\u011e Mersin \u00dcniversitesi<br>Do\u00e7. Dr. Hac\u0131 Bayram TEM\u00dcR Bayburt \u00dcniversitesi<br>Do\u00e7. Dr. Hac\u0131 H\u00fcseyin TA\u015eAR Ad\u0131yaman \u00dcniversitesi<br>Do\u00e7. Dr. Hakan ALPT\u00dcRKER Mersin \u00dcniversitesi<br>Do\u00e7. Dr. Hakan \u00d6NAL Bal\u0131kesir \u00dcniversitesi<br>Do\u00e7. Dr. Hakan Y\u00dcKSEL Kafkas \u00dcniversitesi<br>Do\u00e7. Dr. Halil S\u00d6ZL\u00dc Mersin \u00dcniversitesi<br>Do\u00e7. Dr. Hasan UZUN F\u0131rat \u00dcniversitesi<br>Do\u00e7. Dr. Himmet B\u00dcKE Mehmet Akif Ersoy \u00dcniversitesi<br>Do\u00e7. Dr. Huriye KADAKAL Bayburt \u00dcniversitesi<br>Do\u00e7. Dr. H\u00fclya KODAN Bayburt \u00dcniversitesi<br>Do\u00e7. Dr. H\u00fcsamettin KARATA\u015e F\u0131rat \u00dcniversitesi<br>Do\u00e7. Dr. H\u00fcseyin DEM\u0130REL Y\u0131ld\u0131r\u0131m Beyaz\u0131t \u00dcniversitesi<br>Do\u00e7. Dr. H\u00fcseyin G\u00dcM\u00dc\u015e Mersin \u00dcniversitesi<br>Do\u00e7. Dr. \u0130lkin GULUSOY Kafkas \u00dcniversitesi<br>Do\u00e7. Dr. \u0130lyas TOP\u00c7U Kafkas \u00dcniversitesi<br>Do\u00e7. Dr. \u0130mran G\u00dcND\u00dcZ ALPT\u00dcRKER Mersin \u00dcniversitesi<br>Do\u00e7. Dr. \u0130nci KES\u0130LM\u0130\u015e Mersin \u00dcniversitesi<br>Do\u00e7. Dr. \u0130smail DURSUNO\u011eLU Bayburt \u00dcniversitesi<br>Do\u00e7. Dr. \u0130smail Yavuz \u00d6ZT\u00dcRK Mersin \u00dcniversitesi<br>Do\u00e7. Dr. Ka\u011fan B\u00dcY\u00dcKKARCI S\u00fcleyman Demirel \u00dcniversitesi<br>Do\u00e7. Dr. Kenan AZILI Bayburt \u00dcniversitesi<br>Do\u00e7. Dr. K\u00fcr\u015fad \u00c7A\u011eRI BOZKIRLI Kafkas \u00dcniversitesi<br>Do\u00e7. Dr. Lokman ZOR Ni\u011fde \u00d6mer Halisdemir \u00dcniversitesi<br>Do\u00e7. Dr. Mehibe SAVA\u015e \u015eAHBAZ \u00c7ukurova \u00dcniversitesi<br>Do\u00e7. Dr. Mehmet Emin ERENDOR Alparslan T\u00dcRKE\u015e BT\u00dc.<br>Do\u00e7. Dr. Mehmet GED\u0130ZL\u0130 Manisa Celal Bayar \u00dcniversitesi<br>Do\u00e7. Dr. Mehmet G\u00d6KTEPE Van Y\u00fcz\u00fcnc\u00fc Y\u0131l \u00dcnivrsitesi<br>Do\u00e7. Dr. Melek K\u00d6R\u00dcK\u00c7\u00dc Ni\u011fde \u00d6mer Halisdemir \u00dcniversitesi<br>Do\u00e7. Dr. Melike G\u00dcL Bal\u0131kesir \u00dcniversitesi\u201d<br>Do\u00e7. Dr. Meral Metin G\u00d6KSU Kafkas \u00dcniversitesi<br>Do\u00e7. Dr. Meryem G\u00dcRB\u00dcZ Kocaeli \u00dcniversitesi<br>Do\u00e7. Dr. Muhammet D\u00dc\u015e\u00dcKCAN F\u0131rat \u00dcniversitesi<br>Do\u00e7. Dr. Muhammet SAYGIN Mersin \u00dcniversitesi<br>Do\u00e7. Dr. Murat AYKIRI Kafkas \u00dcniversitesi<br>Do\u00e7. Dr. Murat KARATA\u015e Abdullah G\u00fcl \u00dcniversitesi<br>Do\u00e7. Dr. Murat SERDAR Gaziosmanpa\u015fa \u00dcniversitesi<br>Do\u00e7. Dr. Mur\u015fit I\u015eIK S\u00fcleyman Demirel \u00dcniversitesi<br>Do\u00e7. Dr. Musa OFLAZ Bal\u0131kesir \u00dcniversitesi<br>Do\u00e7. Dr. Mustafa KARAGE\u00c7\u0130 Kafkas \u00dcniversitesi<br>Do\u00e7. Dr. Mustafa KI\u015eO\u011eLU Aksaray \u00dcniversitesi<br>Do\u00e7. Dr. Mustafa \u00d6\u011eE Bal\u0131kesir \u00dcniversitesi<br>Do\u00e7. Dr. Mustafa YAD\u0130GARO\u011eLU Aksaray \u00dcniversitesi<br>Do\u00e7. Dr. Ozan G\u00dcLER Mersin \u00dcniversitesi<br>Do\u00e7. Dr. \u00d6mer SADIKER \u00c7ukurova \u00dcniversitesi<br>Do\u00e7. Dr. \u00d6mer Aksoy Bosna Hersek Zenica \u00fcniversitesi<br>Do\u00e7. Dr. \u00d6zkan DAYI Bayburt \u00dcniversitesi<br>Do\u00e7. Dr. \u00d6zlem KARADA\u011e ALBAYRAK Kafkas \u00dcniversitesi<br>Do\u00e7. Dr. Ramazan AKBULUT Harran \u00dcniversitesi<br>Do\u00e7. Dr. Ramazan Erhan G\u00dcLL\u00dc \u0130stanbul \u00dcniversitesi<br>Do\u00e7. Dr. Recep SOSLU Karamano\u011flu Mehmetbey \u00dcniversitesi<br>Do\u00e7. Dr. Ruken KARADUMAN Bayburt \u00dcniversitesi<br>Do\u00e7. Dr. Selami S\u00d6NMEZ Kafkas \u00dcniversitesi<br>Do\u00e7. Dr. Selma ERDA\u011eI TOKSUN Kafkas \u00dcniversitesi<br>Do\u00e7. Dr. Serkan ACAR Ege \u00dcniversitesi<br>Do\u00e7. Dr. Serkan SARI Bal\u0131kesir \u00dcniversitesi<br>Do\u00e7. Dr. Sevda \u00d6ZEN ERATALAY Van Y\u00fcz\u00fcnc\u00fc Y\u0131l \u00dcniversitesi<br>Do\u00e7. Dr. Seyhan MERCAN KALAYCI Van Y\u00fcz\u00fcnc\u00fc Y\u0131l \u00dcnivrsitesi<br>Do\u00e7. Dr. Simge YILMAZ UYSAL Mersin \u00dcniversitesi<br>Do\u00e7. Dr. S\u00fcleyman ERATALAY Van Y\u00fcz\u00fcnc\u00fc Y\u0131l \u00dcniversitesi<br>Do\u00e7. Dr. S\u00fcleyman Kaan YAL\u00c7IN F\u0131rat \u00dcniversitesi<br>Do\u00e7. Dr. S\u00fcleyman LOKMACI Erzurum Teknik \u00dcniversitesi<br>Do\u00e7. Dr. Tahsin YILDIRIM Aksaray \u00dcniversitesi<br>Do\u00e7. Dr. Taner ATMACA D\u00fczce \u00dcniversitesi<br>Do\u00e7. Dr. Tekin \u00d6NAL Y\u0131ld\u0131r\u0131m Beyaz\u0131t \u00dcniversitesi<br>Do\u00e7. Dr. Tolga \u00d6NT\u00dcRK Van Y\u00fcz\u00fcnc\u00fc Y\u0131l \u00dcniversitesi<br>Do\u00e7. Dr. Tuba TOMBULO\u011eLU Y\u0131ld\u0131r\u0131m Beyaz\u0131t \u00dcniversitesi<br>Do\u00e7. Dr. Tu\u011fba AKKOYUN Bayburt \u00dcniversitesi<br>Do\u00e7. Dr. Tu\u011fba S\u00d6MEN Kafkas \u00dcniversitesi<br>Do\u00e7. Dr. Turgay Murat F\u0131rat \u00dcniversitesi<br>Do\u00e7. Dr. T\u00fcrkan \u00c7EL\u0130K 7 Aral\u0131k \u00dcniversitesi<br>Do\u00e7. Dr. \u00dcmit DEM\u0130R \u00c7anakkale On Sekiz Mart \u00dcniversitesi<br>Do\u00e7. Dr. \u00dcnsal D\u00d6NMEZ Y\u0131ld\u0131r\u0131m Beyaz\u0131t \u00dcniversitesi<br>Do\u00e7. Dr. Vural \u00d6NT\u00dcRK Van Y\u00fcz\u00fcnc\u00fc Y\u0131l \u00dcniversitesi<br>Do\u00e7. Dr. Yakup ACAR Kafkas \u00dcniversitesi<br>Do\u00e7. Dr. Yal\u00e7\u0131n KARALI \u0130n\u00f6n\u00fc \u00dcniversitesi<br>Do\u00e7. Dr. Yasemin HAYTA Bal\u0131kesir \u00dcniversitesi<br>Do\u00e7. Dr. Ya\u015far Fatih AKBA\u015e Kafkas \u00dcniversitesi<br>Do\u00e7. Dr. Yavuz DE\u011e\u0130RMENC\u0130 Bayburt \u00dcniversitesi<br>Do\u00e7. Dr. Y\u0131ld\u0131r\u0131m G\u00f6khan GENCER Mersin \u00dcniversitesi<br>Do\u00e7. Dr. Yonca ALTINDAL Bal\u0131kesir \u00dcniversitesi<br>Do\u00e7. Dr. Yunus Emre TANS\u00dc Gaziantep \u00dcniversitesi<br>Do\u00e7. Dr. Yusuf ESMER Bayburt \u00dcniversitesi<br>Do\u00e7. Dr. Z. Ayta\u00e7 K\u0130\u015eMAN F\u0131rat \u00dcniversitesi<br>Do\u00e7. Dr. Zehra Esra KETENO\u011eLU KAYABA\u015eI Kastamonu \u00dcniversitesi<br>Dr. \u00d6\u011fr. \u00dcyesi Abdullah ELCAN Mersin \u00dcniversitesi<br>Dr. \u00d6\u011fr. \u00dcyesi Ahmet Fikret KILI\u00c7 Erzincan Binali Y\u0131ld\u0131r\u0131m \u00dcniversitesi<br>Dr. \u00d6\u011fr. \u00dcyesi Ahmet Serdar U\u00c7AR Mersin \u00dcniversitesi<br>Dr. \u00d6\u011fr. \u00dcyesi Ahmet UYSAL Bal\u0131kesir \u00dcniversitesi<br>Dr. \u00d6\u011fr. \u00dcyesi Ali Naci ARIKAN Bal\u0131kesir \u00dcniversitesi<br>Dr. \u00d6\u011fr. \u00dcyesi An\u0131l KALE Mersin \u00dcniversitesi<br>Dr. \u00d6\u011fr. \u00dcyesi Arzu \u015eAH\u0130N F\u0131rat \u00dcniversitesi<br>Dr. \u00d6\u011fr. \u00dcyesi Bayram YILDIZ Bal\u0131kesir \u00dcniversitesi<br>Dr. \u00d6\u011fr. \u00dcyesi Bilal ERKO\u00c7 Bitlis Eren \u00dcniversitesi<br>Dr. \u00d6\u011fr. \u00dcyesi Celal BOYRAZ Bayburt \u00dcniversitesi<br>Dr. \u00d6\u011fr. \u00dcyesi Cuma Ali YILMAZ F\u0131rat \u00dcniversitesi<br>Dr. \u00d6\u011fr. \u00dcyesi C\u00fcneyt YAZICI Kocaeli \u00dcniversitesi<br>Dr. \u00d6\u011fr. \u00dcyesi Ebru S\u0130LAH\u015e\u00d6R \u00d6zt\u00fcrk Erzincan Binali Y\u0131ld\u0131r\u0131m \u00dcniversitesi<br>Dr. \u00d6\u011fr. \u00dcyesi Erdin\u00e7 DEM\u0130RAY Ni\u011fde \u00d6mer Halisdemir \u00dcniversitesi<br>Dr. \u00d6\u011fr. \u00dcyesi Erkan G\u00dcLG\u00d6STEREN Mersin \u00dcniversitesi<br>Dr. \u00d6\u011fr. \u00dcyesi Fatih ER\u0130\u015e Van Y\u00fcz\u00fcnc\u00fc Y\u0131l \u00dcniversitesi<br>Dr. \u00d6\u011fr. \u00dcyesi Fatih \u00d6ZT\u00dcRK F\u0131rat \u00dcniversitesi<br>Dr. \u00d6\u011fr. \u00dcyesi Filiz YILDIRIM F\u0131rat \u00dcniversitesi<br>Dr. \u00d6\u011fr. \u00dcyesi Halaf NAS Harran \u00dcniversitesi<br>Dr. \u00d6\u011fr. \u00dcyesi Hamit \u00d6ZMAN Ege \u00dcniversitesi<br>Dr. \u00d6\u011fr. \u00dcyesi Handan HAYK\u0130R F\u0131rat \u00dcniversitesi<br>Dr. \u00d6\u011fr. \u00dcyesi Hasan Ali D\u0130KEN Erzincan Binali Y\u0131ld\u0131r\u0131m \u00dcniversitesi<br>Dr. \u00d6\u011fr. \u00dcyesi H\u00fcseyin DO\u011eAN Kocaeli \u00dcniversitesi<br>Dr. \u00d6\u011fr. \u00dcyesi \u0130lker M\u00fcmin \u00c7A\u011eLAR Manisa Celal Bayar \u00dcniversitesi<br>Dr. \u00d6\u011fr. \u00dcyesi \u0130rem TANYILDIZI Baydili F\u0131rat \u00dcniversitesi<br>Dr. \u00d6\u011fr. \u00dcyesi \u0130smail BAYD\u0130L\u0130 F\u0131rat \u00dcniversitesi<br>Dr. \u00d6\u011fr. \u00dcyesi Kadriye U\u00c7AR Mersin \u00dcniversitesi<br>Dr. \u00d6\u011fr. \u00dcyesi Kemal SAR\u011eIN Van Y\u00fcz\u00fcnc\u00fc Y\u0131l \u00dcniversitesi<br>Dr. \u00d6\u011fr. \u00dcyesi Kurban DURMU\u015eO\u011eLU Bayburt \u00dcniversitesi<br>Dr. \u00d6\u011fr. \u00dcyesi M. Fuat LEVENDO\u011eLU Van Y\u00fcz\u00fcnc\u00fc Y\u0131l \u00dcniversitesi<br>Dr. \u00d6\u011fr. \u00dcyesi Mehmet Ali GEN\u0130\u015e Giresun \u00dcniversitesi<br>Dr. \u00d6\u011fr. \u00dcyesi Mehmet KAPUSIZO\u011eLU Bayburt \u00dcniversitesi<br>Dr. \u00d6\u011fr. \u00dcyesi Mehmet YAZAR \u00c7anakkale On Sekiz Mart \u00dcniversitesi<br>Dr. \u00d6\u011fr. \u00dcyesi Murat G\u00dcRB\u00dcZ Bayburt \u00dcniversitesi<br>Dr. \u00d6\u011fr. \u00dcyesi Murat KATAR F\u0131rat \u00dcniversitesi<br>Dr. \u00d6\u011fr. \u00dcyesi Mustafa \u00d6ZDEM\u0130R Bayburt \u00dcniversitesi<br>Dr. \u00d6\u011fr. \u00dcyesi Mutlu YORULDU Bal\u0131kesir \u00dcniversitesi<br>Dr. \u00d6\u011fr. \u00dcyesi Nilg\u00fcn KARAMAN Bal\u0131kesir \u00dcniversitesi<br>Dr. \u00d6\u011fr. \u00dcyesi Onur Yerlikaya \u015ea\u015fmaz F\u0131rat \u00dcniversitesi<br>Dr. \u00d6\u011fr. \u00dcyesi Osman ORU\u00c7 Bayburt \u00dcniversitesi<br>Dr. \u00d6\u011fr. \u00dcyesi Osman T\u00dcRK Harran \u00dcniversitesi<br>Dr. \u00d6\u011fr. \u00dcyesi \u00d6mer Faruk G\u00dcLTEK\u0130N Bayburt \u00dcniversitesi<br>Dr. \u00d6\u011fr. \u00dcyesi P\u0131nar K\u00dcT\u00dcK YILMAZ Yalova \u00dcniversitesi<br>Dr. \u00d6\u011fr. \u00dcyesi Sel\u00e7uk URAL Sakarya \u00dcniversitesi<br>Dr. \u00d6\u011fr. \u00dcyesi Selim \u00c7AKAR Gaziosmanpa\u015fa \u00dcniversitesi<br>Dr. \u00d6\u011fr. \u00dcyesi Sema ORU\u00c7 F\u0131rat \u00dcniversitesi<br>Dr. \u00d6\u011fr. \u00dcyesi Semih A\u015e\u0130RET Mersin \u00dcniversitesi<br>Dr. \u00d6\u011fr. \u00dcyesi Serap \u00d6ZKAN Manisa Celal Bayar \u00dcniversitesi<br>Dr. \u00d6\u011fr. \u00dcyesi Serdar KESG\u0130N Giresun \u00dcniversitesi<br>Dr. \u00d6\u011fr. \u00dcyesi Serpil YAZICI \u015eAH\u0130N Kocaeli \u00dcniversitesi<br>Dr. \u00d6\u011fr. \u00dcyesi Tu\u011frul G\u00f6kmen \u015eAH\u0130N \u0130n\u00f6n\u00fc \u00dcniversitesi<br>Dr. \u00d6\u011fr. \u00dcyesi T\u00fcrker UYGUR Harran \u00dcniversitesi<br>Dr. \u00d6\u011fr. \u00dcyesi Vehbi Alpay G\u00dcNAL Akdeniz \u00dcniversitesi<br>Dr. \u00d6\u011fr. \u00dcyesi Yasin G\u00dcNL\u00dc Aksaray \u00dcniversitesi<br>Dr. \u00d6\u011fr. \u00dcyesi Yunus G\u00dcLC\u00dc F\u0131rat \u00dcniversitesi<br>Dr. \u00d6\u011fr. \u00dcyesi Zafer YILDIRIM Necmettin Erbakan \u00dcniversitesi<br>Dr. \u00d6\u011fr. \u00dcyesi Zeynep D\u00d6NMEZ Y\u0131ld\u0131r\u0131m Beyaz\u0131t \u00dcniversitesi<br>Dr. \u00d6\u011fr. \u00dcyesi Feyzullah UYGUR \u0130stanbul \u00dcniversitesi<br>Dr. \u00d6\u011fr. \u00dcyesi \u0130brahim AKI\u015e \u0130stanbul \u00dcniversitesi Cerrahpa\u015fa<br>Dr. \u00d6\u011fr. G\u00f6r. Aykut \u00c7elik Akdeniz \u00dcniversitesi<br>Dr. \u00d6\u011fr. G\u00f6r. Reyhan \u0130smet \u00d6ZSARI Bal\u0131kesir \u00dcniversitesi<br>\u00d6\u011fr. G\u00f6r. Adem \u00c7ET\u0130N Ankara \u00dcniversitesi<br>\u00d6\u011fr. G\u00f6r. Cengizhan BARUT Bitlis Eren \u00dcniversitesi<br>\u00d6\u011fr. G\u00f6r. Dr. Hakan KARACA Akdeniz \u00dcniversitesi<br>\u00d6\u011fr. G\u00f6r. \u00d6mer TOPALO\u011eLU F\u0131rat \u00dcniversitesi<br>\u00d6\u011fr. G\u00f6r. Zehra G\u00dcVEN\u00c7ALAN Kafkas \u00dcniversitesi<br>Dr. Adem DA\u011eA\u015eAN Kafkas \u00dcniversitesi<br>Dr. Adem DUMLU Kafkas \u00dcniversitesi<br>Dr. Ahmet Cihan BULUNDU Ad\u0131yaman \u00dcniversitesi<br>Dr. Ahmet Serhat G\u00d6Z\u00dcTOK Zonguldak B\u00fclent Ecevit \u00dcniversitesi<br>Dr. Ali K\u00d6K Kafkas \u00dcniversitesi<br>Dr. Alper BAHT\u0130YARO\u011eLU Kafkas \u00dcniversitesi<br>Dr. Alper KASIMO\u011eLU Yalova \u00dcniversitesi<br>Dr. Ayhan \u0130NC\u0130RC\u0130 Y\u0131ld\u0131r\u0131m Beyaz\u0131t \u00dcniversitesi<br>Dr. Azer YAVUZ Kafkas \u00dcniversitesi<br>Dr. Bedirhan \u00dcNL\u00dc F\u0131rat \u00dcniversitesi<br>Dr. Cem \u00c7EV\u0130KAYAK Kafkas \u00dcniversitesi<br>Dr. Cemal I\u015eIK Kafkas \u00dcniversitesi<br>Dr. Cengiz G\u00dcND\u00dcZALP Kafkas \u00dcniversitesi<br>Dr. Cihat Burak KORKMAZ Y\u0131ld\u0131r\u0131m Beyaz\u0131t \u00dcniversitesi<br>Dr. \u00c7i\u011fdem KALEGER\u0130 Mersin \u00dcniversitesi<br>Dr. Dilek YILDIRIM B\u0130LGEN Zonguldak B\u00fclent Ecevit \u00dcniversitesi<br>Dr. Ekin AKT\u00dcRK Kafkas \u00dcniversitesi<br>Dr. Emre DA\u011eA\u015eAN Kafkas \u00dcniversitesi<br>Dr. Emre YOLCU Kafkas \u00dcniversitesi<br>Dr. Engin BAYRA Sinop \u00dcniversitesi<br>Dr. Erkan ASLAN Kafkas \u00dcniversitesi<br>Dr. Ersin ARSLAN Sinop \u00dcniversitesi<br>Dr. Fatih KILI\u00c7 Kafkas \u00dcniversitesi<br>Dr. G\u00f6khan Y\u0130\u011e\u0130T Kafkas \u00dcniversitesi<br>Dr. G\u00f6k\u015fen YILDIRIM F\u0131rat \u00dcniversitesi<br>Dr. Harun \u00c7OBAN Erzurum Teknik \u00dcniversitesi<br>Dr. Hatice DEM\u0130R Kastamonu \u00dcniversitesi<br>Dr. H\u00fcseyin \u00c7\u0130\u00c7EKL\u0130O\u011eLU Mersin \u00dcniversitesi<br>Dr. \u0130brahim Veysel KARACA F\u0131rat \u00dcniversitesi<br>Dr. Kaan AKAR Erzurum Teknik \u00dcniversitesi<br>Dr. Kadir BAYRAKCI Kafkas \u00dcniversitesi<br>Dr. K\u00fcr\u015fat \u0130LG\u00dcN Y\u0131ld\u0131r\u0131m Beyaz\u0131t \u00dcniversitesi<br>Dr. Latif \u0130LTAR Y\u0131ld\u0131r\u0131m Beyaz\u0131t \u00dcniversitesi<br>Dr. Mehmet NAD\u0130R ACET Kafkas \u00dcniversitesi<br>Dr. Mesude SA\u011eIRO\u011eLU Kafkas \u00dcniversitesi<br>Dr. Muhammet CO\u015eKUN Kafkas \u00dcniversitesi<br>Dr. Muharrem TURP Kafkas \u00dcniversitesi<br>Dr. Mustafa KOL Kafkas \u00dcniversitesi<br>Dr. Naciye KARAHAN K\u00d6K Kafkas \u00dcniversitesi<br>Dr. Nihal SENGER Kafkas \u00dcniversitesi<br>Dr. Nural SAVCI Kafkas \u00dcniversitesi<br>Dr. Nurcan \u00c7ET\u0130NER Karamano\u011flu Mehmetbey \u00dcniversitesi<br>Dr. Okan A\u00e7\u0131l Erzurum Teknik \u00dcniversitesi<br>Dr. Sel\u00e7uk TURAN Zonguldak B\u00fclent Ecevit \u00dcniversitesi<br>Dr. Serhat KO\u00c7AK \u00c7ukurova \u00dcniversitesi<br>Dr. \u015eehri KARAKA\u015e Erzurum Teknik \u00dcniversitesi<br>Dr. Tolga DURSUN Kafkas \u00dcniversitesi<br>Dr. Turan \u00f6zg\u00fcr G\u00dcNG\u00d6R Kafkas \u00dcniversitesi<br>Dr. Yal\u00e7\u0131n YUNUS Kafkas \u00dcniversitesi<br>Dr. Yavuz DEL\u0130BALTA Kafkas \u00dcniversitesi<br>Dr. Hacer KUMANDA\u015e Kafkas \u00dcniversitesi<br>Dr. Hasan ASLAN Kafkas \u00dcniversitesi<br>Ar\u015f. G\u00f6r. Azer G\u00dcRCAN Bal\u0131kesir \u00dcniversitesi<\/p>\n","protected":false},"excerpt":{"rendered":"<p>Prof. Dr. Ahmet Burhan \u00c7AKICI Karamano\u011flu Mehmetbey \u00dcniversitesiProf. Dr. D\u00fcndar YENER Bolu Abant \u0130zzet Baysal \u00dcniversitesiProf. Dr. Fahri KILI\u00c7 Bolu Abant \u0130zzet Baysal \u00dcniversitesiProf. Dr. Gizem SAYGILI Karamano\u011flu Mehmetbey \u00dcniversitesiProf. Dr. Hakan AKDA\u011e Mersin \u00dcniversitesiProf. Dr. Hakan YAMAN Bolu Abant \u0130zzet Baysal \u00dcniversitesiProf. Dr. Hasan YAYLI K\u0131r\u0131kkale \u00dcniversitesiProf. Dr. Hasan AYDEM\u0130R \u0130n\u00f6n\u00fc \u00dcniversitesiProf. Dr. Himmet\u2026 <span class=\"read-more\"><a href=\"https:\/\/teskongre.org\/es2024\/duzenleme-kurulu\/\">Read More &raquo;<\/a><\/span><\/p>\n","protected":false},"author":1,"featured_media":0,"parent":0,"menu_order":0,"comment_status":"closed","ping_status":"closed","template":"","meta":{"footnotes":""},"class_list":["post-30","page","type-page","status-publish","hentry"],"_links":{"self":[{"href":"https:\/\/teskongre.org\/es2024\/wp-json\/wp\/v2\/pages\/30","targetHints":{"allow":["GET"]}}],"collection":[{"href":"https:\/\/teskongre.org\/es2024\/wp-json\/wp\/v2\/pages"}],"about":[{"href":"https:\/\/teskongre.org\/es2024\/wp-json\/wp\/v2\/types\/page"}],"author":[{"embeddable":true,"href":"https:\/\/teskongre.org\/es2024\/wp-json\/wp\/v2\/users\/1"}],"replies":[{"embeddable":true,"href":"https:\/\/teskongre.org\/es2024\/wp-json\/wp\/v2\/comments?post=30"}],"version-history":[{"count":39,"href":"https:\/\/teskongre.org\/es2024\/wp-json\/wp\/v2\/pages\/30\/revisions"}],"predecessor-version":[{"id":742,"href":"https:\/\/teskongre.org\/es2024\/wp-json\/wp\/v2\/pages\/30\/revisions\/742"}],"wp:attachment":[{"href":"https:\/\/teskongre.org\/es2024\/wp-json\/wp\/v2\/media?parent=30"}],"curies":[{"name":"wp","href":"https:\/\/api.w.org\/{rel}","templated":true}]}}