{"id":50,"date":"2019-04-17T13:37:11","date_gmt":"2019-04-17T10:37:11","guid":{"rendered":"http:\/\/teskongre.org\/fm2019\/?page_id=50"},"modified":"2020-03-05T14:35:59","modified_gmt":"2020-03-05T14:35:59","slug":"sunum-dilleri","status":"publish","type":"page","link":"http:\/\/teskongre.org\/tes2020\/sunum-dilleri\/","title":{"rendered":"SUNUM D\u0130LLER\u0130"},"content":{"rendered":"\n<p>T\u00fcrkiye T\u00fcrk\u00e7esi, T\u00fcrk Leh\u00e7eleri, Rus\u00e7a ve \u0130ngilizce dillerinden birisiyle yap\u0131lacakt\u0131r.<\/p>\n","protected":false},"excerpt":{"rendered":"<p>T\u00fcrkiye T\u00fcrk\u00e7esi, T\u00fcrk Leh\u00e7eleri, Rus\u00e7a ve \u0130ngilizce dillerinden birisiyle yap\u0131lacakt\u0131r.<\/p>\n","protected":false},"author":1,"featured_media":0,"parent":0,"menu_order":0,"comment_status":"closed","ping_status":"closed","template":"","meta":[],"_links":{"self":[{"href":"http:\/\/teskongre.org\/tes2020\/wp-json\/wp\/v2\/pages\/50"}],"collection":[{"href":"http:\/\/teskongre.org\/tes2020\/wp-json\/wp\/v2\/pages"}],"about":[{"href":"http:\/\/teskongre.org\/tes2020\/wp-json\/wp\/v2\/types\/page"}],"author":[{"embeddable":true,"href":"http:\/\/teskongre.org\/tes2020\/wp-json\/wp\/v2\/users\/1"}],"replies":[{"embeddable":true,"href":"http:\/\/teskongre.org\/tes2020\/wp-json\/wp\/v2\/comments?post=50"}],"version-history":[{"count":1,"href":"http:\/\/teskongre.org\/tes2020\/wp-json\/wp\/v2\/pages\/50\/revisions"}],"predecessor-version":[{"id":298,"href":"http:\/\/teskongre.org\/tes2020\/wp-json\/wp\/v2\/pages\/50\/revisions\/298"}],"wp:attachment":[{"href":"http:\/\/teskongre.org\/tes2020\/wp-json\/wp\/v2\/media?parent=50"}],"curies":[{"name":"wp","href":"https:\/\/api.w.org\/{rel}","templated":true}]}}