{"id":42,"date":"2019-04-17T13:36:31","date_gmt":"2019-04-17T10:36:31","guid":{"rendered":"http:\/\/teskongre.org\/fm2019\/?page_id=42"},"modified":"2020-03-10T14:21:49","modified_gmt":"2020-03-10T14:21:49","slug":"koordinatorler","status":"publish","type":"page","link":"http:\/\/teskongre.org\/tes2020\/koordinatorler\/","title":{"rendered":"KOORD\u0130NAT\u00d6RLER"},"content":{"rendered":"\n<p>Dr. Ali Osman AKALAN<\/p>\n\n\n\n<p>Dr. Bahad\u0131r Bumin \u00d6ZRASLAN<\/p>\n\n\n\n<p>Dr. Y\u0131lmaz YE\u015e\u0130L<\/p>\n\n\n\n<p>\u00d6\u011fr. G\u00f6r. Metin \u0130SKENDERO\u011eLU<\/p>\n","protected":false},"excerpt":{"rendered":"<p>Dr. Ali Osman AKALAN Dr. Bahad\u0131r Bumin \u00d6ZRASLAN Dr. Y\u0131lmaz YE\u015e\u0130L \u00d6\u011fr. G\u00f6r. Metin \u0130SKENDERO\u011eLU<\/p>\n","protected":false},"author":1,"featured_media":0,"parent":0,"menu_order":0,"comment_status":"closed","ping_status":"closed","template":"","meta":[],"_links":{"self":[{"href":"http:\/\/teskongre.org\/tes2020\/wp-json\/wp\/v2\/pages\/42"}],"collection":[{"href":"http:\/\/teskongre.org\/tes2020\/wp-json\/wp\/v2\/pages"}],"about":[{"href":"http:\/\/teskongre.org\/tes2020\/wp-json\/wp\/v2\/types\/page"}],"author":[{"embeddable":true,"href":"http:\/\/teskongre.org\/tes2020\/wp-json\/wp\/v2\/users\/1"}],"replies":[{"embeddable":true,"href":"http:\/\/teskongre.org\/tes2020\/wp-json\/wp\/v2\/comments?post=42"}],"version-history":[{"count":2,"href":"http:\/\/teskongre.org\/tes2020\/wp-json\/wp\/v2\/pages\/42\/revisions"}],"predecessor-version":[{"id":323,"href":"http:\/\/teskongre.org\/tes2020\/wp-json\/wp\/v2\/pages\/42\/revisions\/323"}],"wp:attachment":[{"href":"http:\/\/teskongre.org\/tes2020\/wp-json\/wp\/v2\/media?parent=42"}],"curies":[{"name":"wp","href":"https:\/\/api.w.org\/{rel}","templated":true}]}}