{"id":328,"date":"2020-03-10T14:29:05","date_gmt":"2020-03-10T14:29:05","guid":{"rendered":"http:\/\/teskongre.org\/tes2020\/?page_id=328"},"modified":"2020-03-10T14:32:03","modified_gmt":"2020-03-10T14:32:03","slug":"sergi","status":"publish","type":"page","link":"http:\/\/teskongre.org\/tes2020\/sergi\/","title":{"rendered":"SERG\u0130- SERG\u0130 KATILIM KURALLARI"},"content":{"rendered":"<h1>Orhun Abideleri ve T\u00fcrk K\u00fclt\u00fcr\u00fc Sergisi<\/h1>\n<p>Sergi i\u00e7in son ba\u015fvuru tarihi:\u00a015 A\u011fustos 2020<br \/>\nSergiye kabul edilen eserlerin bildirim tarihi: 01 Eyl\u00fcl 2020<br \/>\nSergilenmek i\u00e7in eserlerin kongre oteline kargo veya elden ula\u015ft\u0131r\u0131lmas\u0131: 12 Kas\u0131m 2020<\/p>\n<p>Sergilenme Tarihi: \u00a013-14 Kas\u0131m 2020<\/p>\n<p><strong>Sergi D\u00fczenleme Kurulu<\/strong><\/p>\n<p>Prof. Dr. Birsen \u00c7EKEN (Ankara Hac\u0131 Bayram Veli \u00dcniversitesi)<\/p>\n<p>Prof. Dr. G\u00fcltekin AKENG\u0130N\u00a0 (Ankara Hac\u0131 Bayram Veli \u00dcniversitesi)<\/p>\n<h1 style=\"text-align: justify;\"><\/h1>\n<h1 style=\"text-align: justify; margin: 0cm 0cm 15pt; vertical-align: baseline;\"><span style=\"font-size: 12.0pt; font-family: 'Calibri',sans-serif; mso-ascii-theme-font: minor-latin; mso-hansi-theme-font: minor-latin; mso-bidi-font-family: 'Times New Roman'; mso-bidi-font-weight: normal;\">Sergi Kat\u0131l\u0131m Kurallar\u0131<\/span><\/h1>\n<p style=\"text-align: justify; margin: 0cm 0cm 15pt; background-image: initial; background-position: initial; background-size: initial; background-repeat: initial; background-attachment: initial; background-origin: initial; background-clip: initial; vertical-align: baseline;\"><span style=\"font-family: 'Calibri',sans-serif; mso-ascii-theme-font: minor-latin; mso-hansi-theme-font: minor-latin; mso-bidi-font-family: Helvetica; color: #444444;\">1-Eserlerin, genel ve detay foto\u011fraflar\u0131n\u0131 (jpg)<br \/>\nformat\u0131nda ba\u015fvuru formu ile birlikte \u00fcye giri\u015fi yapt\u0131ktan\u00a0 sonra alan<br \/>\nadlar\u0131ndan \u201cSERG\u0130\u201dyi se\u00e7erek kay\u0131t sistemine y\u00fcklenmesi gerekmektedir.<\/span><\/p>\n<p style=\"text-align: justify; margin: 0cm 0cm 15pt; background-image: initial; background-position: initial; background-size: initial; background-repeat: initial; background-attachment: initial; background-origin: initial; background-clip: initial; vertical-align: baseline;\"><span style=\"font-family: 'Calibri',sans-serif; mso-ascii-theme-font: minor-latin; mso-hansi-theme-font: minor-latin; mso-bidi-font-family: Helvetica; color: #444444;\">2-Bu sergide sanat\u00e7\u0131lara konu, teknik ve malzeme<br \/>\nkonusunda herhangi bir s\u0131n\u0131rland\u0131rma getirilmemi\u015ftir.<\/span><\/p>\n<p style=\"text-align: justify; margin: 0cm 0cm 15pt; background-image: initial; background-position: initial; background-size: initial; background-repeat: initial; background-attachment: initial; background-origin: initial; background-clip: initial; vertical-align: baseline;\"><span style=\"font-family: 'Calibri',sans-serif; mso-ascii-theme-font: minor-latin; mso-hansi-theme-font: minor-latin; mso-bidi-font-family: Helvetica; color: #444444;\">3-Eserlerde \u00f6l\u00e7\u00fc s\u0131n\u0131rlamas\u0131 olmamakla birlikte ba\u015fka<br \/>\nbir yerde sergilenmemi\u015f orijinal eser olmal\u0131 ve kolay ta\u015f\u0131nabilir olmal\u0131d\u0131rlar.<\/span><\/p>\n<p style=\"text-align: justify; margin: 0cm 0cm 15pt; background-image: initial; background-position: initial; background-size: initial; background-repeat: initial; background-attachment: initial; background-origin: initial; background-clip: initial; vertical-align: baseline;\"><span style=\"font-family: 'Calibri',sans-serif; mso-ascii-theme-font: minor-latin; mso-hansi-theme-font: minor-latin; mso-bidi-font-family: Helvetica; color: #444444;\">4-Sergiye\u00a0en \u00e7ok iki eser\u00a0ile kat\u0131l\u0131m<br \/>\nsa\u011flanabilir.<\/span><\/p>\n<p style=\"text-align: justify; margin: 0cm 0cm 15pt; background-image: initial; background-position: initial; background-size: initial; background-repeat: initial; background-attachment: initial; background-origin: initial; background-clip: initial; vertical-align: baseline;\"><span style=\"font-family: 'Calibri',sans-serif; mso-ascii-theme-font: minor-latin; mso-hansi-theme-font: minor-latin; mso-bidi-font-family: Helvetica; color: #444444;\">5-Sergiye kat\u0131lan eserler\u00a0ISBN\u2019li<br \/>\nkatalog kitab\u0131nda\u00a0 yay\u0131nlanacakt\u0131r.<\/span><\/p>\n<p style=\"text-align: justify; margin: 0cm 0cm 15pt; background-image: initial; background-position: initial; background-size: initial; background-repeat: initial; background-attachment: initial; background-origin: initial; background-clip: initial; vertical-align: baseline;\"><span style=\"font-family: 'Calibri',sans-serif; mso-ascii-theme-font: minor-latin; mso-hansi-theme-font: minor-latin; mso-bidi-font-family: Helvetica; color: #444444;\">6-J\u00fcri taraf\u0131ndan yap\u0131lacak eser de\u011ferlendirme sonucu,<br \/>\nsempozyum sitesinde ilan edilecek ve eser sahiplerine kabul mektubu<br \/>\ng\u00f6nderilecektir.<\/span><\/p>\n<p style=\"text-align: justify; margin: 0cm 0cm 15pt; background-image: initial; background-position: initial; background-size: initial; background-repeat: initial; background-attachment: initial; background-origin: initial; background-clip: initial; vertical-align: baseline;\"><span style=\"font-family: 'Calibri',sans-serif; mso-ascii-theme-font: minor-latin; mso-hansi-theme-font: minor-latin; mso-bidi-font-family: Helvetica; color: #444444;\">7-Sergi a\u00e7mak isteyenlerin sempozyuma kat\u0131l\u0131m<br \/>\nsa\u011flamalar\u0131 zorunlu\u00a0de\u011fildir.\u00a0Eser kargo ile g\u00f6nderilebilir.<\/span><\/p>\n<p style=\"text-align: justify; margin: 0cm 0cm 15pt; background-image: initial; background-position: initial; background-size: initial; background-repeat: initial; background-attachment: initial; background-origin: initial; background-clip: initial; vertical-align: baseline;\"><span style=\"font-family: 'Calibri',sans-serif; mso-ascii-theme-font: minor-latin; mso-hansi-theme-font: minor-latin; mso-bidi-font-family: Helvetica; color: #444444;\">8-T\u00fcm kat\u0131l\u0131mc\u0131lara sergilenen her eser i\u00e7in<br \/>\nayr\u0131\u00a0kat\u0131l\u0131m belgesi\u00a0verilecektir.<\/span><\/p>\n<p style=\"text-align: justify; margin: 0cm 0cm 15pt; background-image: initial; background-position: initial; background-size: initial; background-repeat: initial; background-attachment: initial; background-origin: initial; background-clip: initial; vertical-align: baseline;\"><span style=\"font-family: 'Calibri',sans-serif; mso-ascii-theme-font: minor-latin; mso-hansi-theme-font: minor-latin; mso-bidi-font-family: Helvetica; color: #444444;\">9- Sergiye eser g\u00f6nderecek kat\u0131l\u0131mc\u0131lar\u0131n m\u00fcracaat<br \/>\nformunda g\u00f6nderdi\u011fi ve sanat kurulu taraf\u0131ndan kabul edilen eserleri ile<br \/>\nkat\u0131l\u0131m imk\u00e2n\u0131 bulunmaktad\u0131r. Taraf\u0131m\u0131za g\u00f6nderilecek\u00a0 eserler bilim<br \/>\nkurulumuz taraf\u0131ndan b\u00fcy\u00fck titizlikle incelenecektir. Eserlerin asl\u0131\u00a0en<br \/>\nge\u00e7 12 Kas\u0131m 2020 Sal\u0131 g\u00fcn\u00fc saat 16.00\u2019ya\u00a0 kadar\u00a0a\u015fa\u011f\u0131da belirtilen<br \/>\nadrese ula\u015facak \u015fekilde kargo ile g\u00f6nderilmeli veya elden teslim edilmelidir.<br \/>\nBu tarihten sonra gelen eserler sergi i\u00e7in de\u011ferlendirilmeyecektir.<\/span><\/p>\n<p style=\"text-align: justify; margin: 0cm 0cm 15pt; background-image: initial; background-position: initial; background-size: initial; background-repeat: initial; background-attachment: initial; background-origin: initial; background-clip: initial; vertical-align: baseline;\"><span style=\"font-family: 'Calibri',sans-serif; mso-ascii-theme-font: minor-latin; mso-hansi-theme-font: minor-latin; mso-bidi-font-family: Helvetica; color: #444444;\">10- Kargo ile g\u00f6nderilen eserlerde olu\u015fabilecek<br \/>\ngecikmelerden, hasarlardan veya kargo yolu ile kaybolan eserlerden Sergi<br \/>\nD\u00fczenleme Kurulu sorumlu de\u011fildir ve hasar g\u00f6rm\u00fc\u015f eserler sergilenmeyecektir.<\/span><\/p>\n<p style=\"text-align: justify; margin: 0cm 0cm 15pt; background-image: initial; background-position: initial; background-size: initial; background-repeat: initial; background-attachment: initial; background-origin: initial; background-clip: initial; vertical-align: baseline;\"><span style=\"font-family: 'Calibri',sans-serif; mso-ascii-theme-font: minor-latin; mso-hansi-theme-font: minor-latin; mso-bidi-font-family: Helvetica; color: #444444;\">11-Kargo \u00fccretleri kat\u0131l\u0131mc\u0131lar taraf\u0131ndan<br \/>\nkar\u015f\u0131lanacakt\u0131r.<\/span><\/p>\n<p style=\"text-align: justify; margin: 0cm 0cm 15pt; background-image: initial; background-position: initial; background-size: initial; background-repeat: initial; background-attachment: initial; background-origin: initial; background-clip: initial; vertical-align: baseline;\"><span style=\"font-family: 'Calibri',sans-serif; mso-ascii-theme-font: minor-latin; mso-hansi-theme-font: minor-latin; mso-bidi-font-family: Helvetica; color: #444444;\">12-Sergi bitiminde ilgililer eserlerini teslim<br \/>\nalmal\u0131d\u0131r. Teslim al\u0131nmayan eserlerle ilgili olarak Kongre D\u00fczenleme Kurulu ve<br \/>\nT\u00fcrk E\u011fitim-Sen bir sorumluluk \u00fcstlenmez.<\/span><\/p>\n<p style=\"text-align: justify; margin: 0cm 0cm 15pt; background-image: initial; background-position: initial; background-size: initial; background-repeat: initial; background-attachment: initial; background-origin: initial; background-clip: initial; vertical-align: baseline;\"><span style=\"font-family: 'Calibri',sans-serif; mso-ascii-theme-font: minor-latin; mso-hansi-theme-font: minor-latin; mso-bidi-font-family: Helvetica; color: #444444;\">13- Eserini kargo ile g\u00f6nderecekler i\u00e7in; kongre oteli<br \/>\nadresi daha sonra duyurulacakt\u0131r. D\u00fczenleme Kurulu sorumlu de\u011fildir. Sorumluluk<br \/>\neser sahiplerine ait olup ilgili masraflar eser sahibi taraf\u0131ndan<br \/>\nkar\u015f\u0131lanacakt\u0131r.<\/span><\/p>\n<p style=\"text-align: justify; margin: 0cm 0cm 15pt; background-image: initial; background-position: initial; background-size: initial; background-repeat: initial; background-attachment: initial; background-origin: initial; background-clip: initial; vertical-align: baseline;\"><span style=\"font-family: 'Calibri',sans-serif; mso-ascii-theme-font: minor-latin; mso-hansi-theme-font: minor-latin; mso-bidi-font-family: Helvetica; color: #444444;\">14-Kargo ile g\u00f6nderilen eserler, 9 Aral\u0131k 2018<br \/>\ntarihinden itibaren D\u00fczenleme Kurulu taraf\u0131ndan \u00fccreti ve sorumlulu\u011fu eser<br \/>\nsahibine ait olmak \u00fczere kargo ile adreslerine g\u00f6nderilecektir. \u0130steyen eser<br \/>\nsahibi kongre sonras\u0131 eserini elden de alabilecektir. Eserin kongre sonras\u0131<br \/>\ngeri g\u00f6nderilmesi gibi hususlar eser sahibinin sorumlulu\u011funda olup, ilgili<br \/>\nmasraflar eser sahibi taraf\u0131ndan kar\u015f\u0131lanacakt\u0131r.<\/span><\/p>\n<p>[\/pl_text]<br \/>\n[\/pl_col]<br \/>\n[\/pl_row]<\/p>\n","protected":false},"excerpt":{"rendered":"<p>Orhun Abideleri ve T\u00fcrk K\u00fclt\u00fcr\u00fc Sergisi Sergi i\u00e7in son ba\u015fvuru tarihi:\u00a015 A\u011fustos 2020 Sergiye kabul edilen eserlerin bildirim tarihi: 01 Eyl\u00fcl 2020 Sergilenmek i\u00e7in eserlerin kongre oteline kargo veya elden ula\u015ft\u0131r\u0131lmas\u0131: 12 Kas\u0131m 2020 Sergilenme Tarihi: \u00a013-14 Kas\u0131m 2020 Sergi D\u00fczenleme Kurulu Prof. Dr. Birsen \u00c7EKEN (Ankara Hac\u0131 Bayram Veli \u00dcniversitesi) Prof. Dr. G\u00fcltekin AKENG\u0130N\u00a0\u2026 <span class=\"read-more\"><a href=\"http:\/\/teskongre.org\/tes2020\/sergi\/\">Read More &raquo;<\/a><\/span><\/p>\n","protected":false},"author":1,"featured_media":0,"parent":0,"menu_order":0,"comment_status":"closed","ping_status":"closed","template":"","meta":[],"_links":{"self":[{"href":"http:\/\/teskongre.org\/tes2020\/wp-json\/wp\/v2\/pages\/328"}],"collection":[{"href":"http:\/\/teskongre.org\/tes2020\/wp-json\/wp\/v2\/pages"}],"about":[{"href":"http:\/\/teskongre.org\/tes2020\/wp-json\/wp\/v2\/types\/page"}],"author":[{"embeddable":true,"href":"http:\/\/teskongre.org\/tes2020\/wp-json\/wp\/v2\/users\/1"}],"replies":[{"embeddable":true,"href":"http:\/\/teskongre.org\/tes2020\/wp-json\/wp\/v2\/comments?post=328"}],"version-history":[{"count":5,"href":"http:\/\/teskongre.org\/tes2020\/wp-json\/wp\/v2\/pages\/328\/revisions"}],"predecessor-version":[{"id":334,"href":"http:\/\/teskongre.org\/tes2020\/wp-json\/wp\/v2\/pages\/328\/revisions\/334"}],"wp:attachment":[{"href":"http:\/\/teskongre.org\/tes2020\/wp-json\/wp\/v2\/media?parent=328"}],"curies":[{"name":"wp","href":"https:\/\/api.w.org\/{rel}","templated":true}]}}