{"id":56,"date":"2019-04-17T13:37:38","date_gmt":"2019-04-17T10:37:38","guid":{"rendered":"http:\/\/teskongre.org\/fm2019\/?page_id=56"},"modified":"2023-04-29T10:39:19","modified_gmt":"2023-04-29T10:39:19","slug":"yurutme-kurulu","status":"publish","type":"page","link":"http:\/\/teskongre.org\/fm2023ing\/yurutme-kurulu\/","title":{"rendered":"EXECUTIVE COMMITTEE"},"content":{"rendered":"\n<p>Haydar URFALI (General Secretary of T\u00fcrk E\u011fitim Sen)<\/p>\n\n\n\n<p>Seyit Ali KAPLAN (Vice President of T\u00fcrk E\u011fitim Sen)<\/p>\n\n\n\n<p>Selahattin DOLGUN (Vice President of T\u00fcrk E\u011fitim Sen)<\/p>\n\n\n\n<p>Cengiz KOCAKAPLAN (Vice President of T\u00fcrk E\u011fitim Sen)<\/p>\n\n\n\n<p>Orhan K\u00dcT\u00dcK (Vice President of T\u00fcrk E\u011fitim Sen)<\/p>\n\n\n\n<p>Erhan BAYRAM (Vice President of T\u00fcrk E\u011fitim Sen)<\/p>\n","protected":false},"excerpt":{"rendered":"<p>Haydar URFALI (General Secretary of T\u00fcrk E\u011fitim Sen) Seyit Ali KAPLAN (Vice President of T\u00fcrk E\u011fitim Sen) Selahattin DOLGUN (Vice President of T\u00fcrk E\u011fitim Sen) Cengiz KOCAKAPLAN (Vice President of T\u00fcrk E\u011fitim Sen) Orhan K\u00dcT\u00dcK (Vice President of T\u00fcrk E\u011fitim Sen) Erhan BAYRAM (Vice President of T\u00fcrk E\u011fitim Sen)<\/p>\n","protected":false},"author":1,"featured_media":0,"parent":0,"menu_order":0,"comment_status":"closed","ping_status":"closed","template":"","meta":{"footnotes":""},"class_list":["post-56","page","type-page","status-publish","hentry"],"_links":{"self":[{"href":"http:\/\/teskongre.org\/fm2023ing\/wp-json\/wp\/v2\/pages\/56","targetHints":{"allow":["GET"]}}],"collection":[{"href":"http:\/\/teskongre.org\/fm2023ing\/wp-json\/wp\/v2\/pages"}],"about":[{"href":"http:\/\/teskongre.org\/fm2023ing\/wp-json\/wp\/v2\/types\/page"}],"author":[{"embeddable":true,"href":"http:\/\/teskongre.org\/fm2023ing\/wp-json\/wp\/v2\/users\/1"}],"replies":[{"embeddable":true,"href":"http:\/\/teskongre.org\/fm2023ing\/wp-json\/wp\/v2\/comments?post=56"}],"version-history":[{"count":7,"href":"http:\/\/teskongre.org\/fm2023ing\/wp-json\/wp\/v2\/pages\/56\/revisions"}],"predecessor-version":[{"id":541,"href":"http:\/\/teskongre.org\/fm2023ing\/wp-json\/wp\/v2\/pages\/56\/revisions\/541"}],"wp:attachment":[{"href":"http:\/\/teskongre.org\/fm2023ing\/wp-json\/wp\/v2\/media?parent=56"}],"curies":[{"name":"wp","href":"https:\/\/api.w.org\/{rel}","templated":true}]}}