{"id":34,"date":"2019-04-17T13:35:51","date_gmt":"2019-04-17T10:35:51","guid":{"rendered":"http:\/\/teskongre.org\/fm2019\/?page_id=34"},"modified":"2023-04-29T10:34:57","modified_gmt":"2023-04-29T10:34:57","slug":"katilim-katilim-ucreti","status":"publish","type":"page","link":"http:\/\/teskongre.org\/fm2023ing\/katilim-katilim-ucreti\/","title":{"rendered":"ACCOMMODATION, PARTICIPATION \u2013 PARTICIPATION FEE"},"content":{"rendered":"\n<p>The congress is open to all scientists and researchers who want to attend. Members of Turkish Education-Sen and UAESEB are eligible for a discounted participation fee. Participants who present their papers at the congress will be given a participation certificate indicating that they presented their papers. In order for the congress papers to be included in the &#8220;Congress Book&#8221;, the registration process must be completed and the paper must have been presented at the congress.<\/p>\n\n\n\n<p>A symbolic participation fee of 1000 TL will be charged from Turkish Education-Sen and UAESEB members who want to attend the congress. Non-members of Turkish Education-Sen will be charged a fee of 6000 TL. Within this fee, all congress expenses, such as shared accommodation for three nights including November 30, December 1-2-3, 2023, congress printing expenses, refreshments, and transfers from the airport to the hotel and from the hotel to the airport, will be covered by Turkish Education-Sen. Except for the symbolic fee charged from the participants, no other fee will be requested.<\/p>\n\n\n\n<p>Account number for paying the Congress Fee<\/p>\n\n\n\n<p>This will be announced later.<\/p>\n\n\n\n<p>The Hotel where the Congress will be Held<\/p>\n\n\n\n<p>Aska Lara Resort SPA<\/p>\n\n\n\n<p>Address: Kemera\u011fz\u0131, Ya\u015far Sobutay Boulevard No: 397, 07112 Aksu\/Antalya<\/p>\n\n\n\n<p>Phone: (0242) 320 57 00<\/p>\n\n\n\n<p>To view the location of the congress, please click here: <a href=\"https:\/\/goo.gl\/maps\/QPW3GutXP2WU1peo8\">https:\/\/goo.gl\/maps\/QPW3GutXP2WU1peo8<\/a><\/p>\n","protected":false},"excerpt":{"rendered":"<p>The congress is open to all scientists and researchers who want to attend. Members of Turkish Education-Sen and UAESEB are eligible for a discounted participation fee. Participants who present their papers at the congress will be given a participation certificate indicating that they presented their papers. In order for the congress papers to be included\u2026 <span class=\"read-more\"><a href=\"http:\/\/teskongre.org\/fm2023ing\/katilim-katilim-ucreti\/\">Read More &raquo;<\/a><\/span><\/p>\n","protected":false},"author":1,"featured_media":0,"parent":0,"menu_order":0,"comment_status":"closed","ping_status":"closed","template":"","meta":{"footnotes":""},"class_list":["post-34","page","type-page","status-publish","hentry"],"_links":{"self":[{"href":"http:\/\/teskongre.org\/fm2023ing\/wp-json\/wp\/v2\/pages\/34","targetHints":{"allow":["GET"]}}],"collection":[{"href":"http:\/\/teskongre.org\/fm2023ing\/wp-json\/wp\/v2\/pages"}],"about":[{"href":"http:\/\/teskongre.org\/fm2023ing\/wp-json\/wp\/v2\/types\/page"}],"author":[{"embeddable":true,"href":"http:\/\/teskongre.org\/fm2023ing\/wp-json\/wp\/v2\/users\/1"}],"replies":[{"embeddable":true,"href":"http:\/\/teskongre.org\/fm2023ing\/wp-json\/wp\/v2\/comments?post=34"}],"version-history":[{"count":11,"href":"http:\/\/teskongre.org\/fm2023ing\/wp-json\/wp\/v2\/pages\/34\/revisions"}],"predecessor-version":[{"id":533,"href":"http:\/\/teskongre.org\/fm2023ing\/wp-json\/wp\/v2\/pages\/34\/revisions\/533"}],"wp:attachment":[{"href":"http:\/\/teskongre.org\/fm2023ing\/wp-json\/wp\/v2\/media?parent=34"}],"curies":[{"name":"wp","href":"https:\/\/api.w.org\/{rel}","templated":true}]}}