{"id":40,"date":"2019-04-17T13:36:22","date_gmt":"2019-04-17T10:36:22","guid":{"rendered":"http:\/\/teskongre.org\/fm2019\/?page_id=40"},"modified":"2019-04-29T13:00:28","modified_gmt":"2019-04-29T10:00:28","slug":"konu-basliklari","status":"publish","type":"page","link":"http:\/\/teskongre.org\/fm2019\/index.php\/konu-basliklari\/","title":{"rendered":"Konu Ba\u015fl\u0131klar\u0131"},"content":{"rendered":"\n<p>Bili\u015fim ve Bilgisayar<\/p>\n\n\n\n<p>Biyoloji<\/p>\n\n\n\n<p>Elektrik-Elektronik M\u00fchendisli\u011fi<\/p>\n\n\n\n<p>End\u00fcstri M\u00fchendisli\u011fi<\/p>\n\n\n\n<p>Fizik <\/p>\n\n\n\n<p>G\u0131da M\u00fchendisli\u011fi<\/p>\n\n\n\n<p>\u0130n\u015faat M\u00fchendisli\u011fi<\/p>\n\n\n\n<p>\u0130statistik<\/p>\n\n\n\n<p>Jeoloji-Jeofizik-Jeodezi\nM\u00fchendisli\u011fi<\/p>\n\n\n\n<p>Kimya<\/p>\n\n\n\n<p>Makine-\u0130malat M\u00fchendisli\u011fi<\/p>\n\n\n\n<p>Matematik<\/p>\n\n\n\n<p>Metal\u00fcrji-Malzeme M\u00fchendisli\u011fi<\/p>\n\n\n\n<p>Meteoroloji M\u00fchendisli\u011fi<\/p>\n\n\n\n<p>Mimarl\u0131k<\/p>\n\n\n\n<p>Orman ve A\u011fa\u00e7 \u0130\u015fleri End\u00fcstri\nM\u00fchendisli\u011fi<\/p>\n\n\n\n<p>Tekstil M\u00fchendisli\u011fi<\/p>\n\n\n\n<p>Ziraat M\u00fchendisli\u011fi<\/p>\n","protected":false},"excerpt":{"rendered":"<p>Bili\u015fim ve Bilgisayar Biyoloji Elektrik-Elektronik M\u00fchendisli\u011fi End\u00fcstri M\u00fchendisli\u011fi Fizik G\u0131da M\u00fchendisli\u011fi \u0130n\u015faat M\u00fchendisli\u011fi \u0130statistik Jeoloji-Jeofizik-Jeodezi M\u00fchendisli\u011fi Kimya Makine-\u0130malat M\u00fchendisli\u011fi Matematik Metal\u00fcrji-Malzeme M\u00fchendisli\u011fi Meteoroloji M\u00fchendisli\u011fi Mimarl\u0131k Orman ve A\u011fa\u00e7 \u0130\u015fleri End\u00fcstri M\u00fchendisli\u011fi Tekstil M\u00fchendisli\u011fi Ziraat M\u00fchendisli\u011fi<\/p>\n","protected":false},"author":1,"featured_media":0,"parent":0,"menu_order":0,"comment_status":"closed","ping_status":"closed","template":"","meta":[],"_links":{"self":[{"href":"http:\/\/teskongre.org\/fm2019\/index.php\/wp-json\/wp\/v2\/pages\/40"}],"collection":[{"href":"http:\/\/teskongre.org\/fm2019\/index.php\/wp-json\/wp\/v2\/pages"}],"about":[{"href":"http:\/\/teskongre.org\/fm2019\/index.php\/wp-json\/wp\/v2\/types\/page"}],"author":[{"embeddable":true,"href":"http:\/\/teskongre.org\/fm2019\/index.php\/wp-json\/wp\/v2\/users\/1"}],"replies":[{"embeddable":true,"href":"http:\/\/teskongre.org\/fm2019\/index.php\/wp-json\/wp\/v2\/comments?post=40"}],"version-history":[{"count":3,"href":"http:\/\/teskongre.org\/fm2019\/index.php\/wp-json\/wp\/v2\/pages\/40\/revisions"}],"predecessor-version":[{"id":141,"href":"http:\/\/teskongre.org\/fm2019\/index.php\/wp-json\/wp\/v2\/pages\/40\/revisions\/141"}],"wp:attachment":[{"href":"http:\/\/teskongre.org\/fm2019\/index.php\/wp-json\/wp\/v2\/media?parent=40"}],"curies":[{"name":"wp","href":"https:\/\/api.w.org\/{rel}","templated":true}]}}