{"id":36,"date":"2019-04-17T13:35:59","date_gmt":"2019-04-17T10:35:59","guid":{"rendered":"http:\/\/teskongre.org\/fm2019\/?page_id=36"},"modified":"2019-09-20T12:11:04","modified_gmt":"2019-09-20T09:11:04","slug":"konaklama","status":"publish","type":"page","link":"http:\/\/teskongre.org\/fm2019\/index.php\/konaklama\/","title":{"rendered":"Konaklama"},"content":{"rendered":"\n<p><strong>T\u00fcrk E\u011fitim-Sen ve UAESEB \u00fcyesi<\/strong>\u00a0olan, kongreye kat\u0131lmak isteyen kat\u0131l\u0131mc\u0131lardan sembolik olarak 200 TL ;<strong>\u00fcye olmayanlardan<\/strong>\u00a03200 TL kat\u0131l\u0131m \u00fccreti al\u0131nacakt\u0131r. Payla\u015f\u0131ml\u0131 odalarda\u00a0<strong>7-8-9 Kas\u0131m 2019\u00a0<\/strong>tarihlerini i\u00e7eren \u00fc\u00e7 gece konaklama, ikramlar ve havaalan\u0131ndan otele, otelden hava alan\u0131na transferler gibi b\u00fct\u00fcn kongre giderleri T\u00fcrk E\u011fitim-Sen taraf\u0131ndan kar\u015f\u0131lanacak; kat\u0131l\u0131mc\u0131lardan al\u0131nan s\u00f6z konusu sembolik \u00fccret d\u0131\u015f\u0131nda hi\u00e7bir \u00fccret talep edilmeyecektir.<\/p>\n<p>Bir bildiri ile <em><strong>sadece bir ki\u015finin rezervasyonu m\u00fcmk\u00fcnd\u00fcr<\/strong><\/em>.<\/p>\n<p>\u00a0<\/p>\n<p>Otel Adres:<\/p>\n<p>AMARA PREMIER PALACE HOTEL<\/p>\n<p>Bah\u00e7ecik Mahallesi 38.Sokak No:1 Kemer ANTALYA<\/p>\n<p><iframe loading=\"lazy\" style=\"border: 0;\" src=\"https:\/\/www.google.com\/maps\/embed?pb=!1m14!1m8!1m3!1d12788.786501523235!2d30.5671638!3d36.7418512!3m2!1i1024!2i768!4f13.1!3m3!1m2!1s0x0%3A0xcf3766b84528dace!2sAmara%20Premier%20Palace%20Hotel!5e0!3m2!1str!2str!4v1568970502722!5m2!1str!2str\" width=\"800\" height=\"600\" frameborder=\"0\" allowfullscreen=\"allowfullscreen\"><\/iframe><\/p>\n<p>\u00a0<\/p>\n","protected":false},"excerpt":{"rendered":"<p>T\u00fcrk E\u011fitim-Sen ve UAESEB \u00fcyesi\u00a0olan, kongreye kat\u0131lmak isteyen kat\u0131l\u0131mc\u0131lardan sembolik olarak 200 TL ;\u00fcye olmayanlardan\u00a03200 TL kat\u0131l\u0131m \u00fccreti al\u0131nacakt\u0131r. Payla\u015f\u0131ml\u0131 odalarda\u00a07-8-9 Kas\u0131m 2019\u00a0tarihlerini i\u00e7eren \u00fc\u00e7 gece konaklama, ikramlar ve havaalan\u0131ndan otele, otelden hava alan\u0131na transferler gibi b\u00fct\u00fcn kongre giderleri T\u00fcrk E\u011fitim-Sen taraf\u0131ndan kar\u015f\u0131lanacak; kat\u0131l\u0131mc\u0131lardan al\u0131nan s\u00f6z konusu sembolik \u00fccret d\u0131\u015f\u0131nda hi\u00e7bir \u00fccret talep edilmeyecektir. Bir\u2026 <span class=\"read-more\"><a href=\"http:\/\/teskongre.org\/fm2019\/index.php\/konaklama\/\">Read More &raquo;<\/a><\/span><\/p>\n","protected":false},"author":1,"featured_media":0,"parent":0,"menu_order":0,"comment_status":"closed","ping_status":"closed","template":"","meta":[],"_links":{"self":[{"href":"http:\/\/teskongre.org\/fm2019\/index.php\/wp-json\/wp\/v2\/pages\/36"}],"collection":[{"href":"http:\/\/teskongre.org\/fm2019\/index.php\/wp-json\/wp\/v2\/pages"}],"about":[{"href":"http:\/\/teskongre.org\/fm2019\/index.php\/wp-json\/wp\/v2\/types\/page"}],"author":[{"embeddable":true,"href":"http:\/\/teskongre.org\/fm2019\/index.php\/wp-json\/wp\/v2\/users\/1"}],"replies":[{"embeddable":true,"href":"http:\/\/teskongre.org\/fm2019\/index.php\/wp-json\/wp\/v2\/comments?post=36"}],"version-history":[{"count":3,"href":"http:\/\/teskongre.org\/fm2019\/index.php\/wp-json\/wp\/v2\/pages\/36\/revisions"}],"predecessor-version":[{"id":245,"href":"http:\/\/teskongre.org\/fm2019\/index.php\/wp-json\/wp\/v2\/pages\/36\/revisions\/245"}],"wp:attachment":[{"href":"http:\/\/teskongre.org\/fm2019\/index.php\/wp-json\/wp\/v2\/media?parent=36"}],"curies":[{"name":"wp","href":"https:\/\/api.w.org\/{rel}","templated":true}]}}

<p><strong>Türk Eğitim-Sen ve UAESEB üyesi</strong> olan, kongreye katılmak isteyen katılımcılardan sembolik olarak 200 TL ;<strong>üye olmayanlardan</strong> 3200 TL katılım ücreti alınacaktır. Paylaşımlı odalarda <strong>7-8-9 Kasım 2019 </strong>tarihlerini içeren üç gece konaklama, ikramlar ve havaalanından otele, otelden hava alanına transferler gibi bütün kongre giderleri Türk Eğitim-Sen tarafından karşılanacak; katılımcılardan alınan söz konusu sembolik ücret dışında hiçbir ücret talep edilmeyecektir.</p>
<p>Bir bildiri ile <em><strong>sadece bir kişinin rezervasyonu mümkündür</strong></em>.</p>
<p> </p>
<p>Otel Adres:</p>
<p>AMARA PREMIER PALACE HOTEL</p>
<p>Bahçecik Mahallesi 38.Sokak No:1 Kemer ANTALYA</p>
<p><iframe loading="lazy" style="border: 0;" src="https://www.google.com/maps/embed?pb=!1m14!1m8!1m3!1d12788.786501523235!2d30.5671638!3d36.7418512!3m2!1i1024!2i768!4f13.1!3m3!1m2!1s0x0%3A0xcf3766b84528dace!2sAmara%20Premier%20Palace%20Hotel!5e0!3m2!1str!2str!4v1568970502722!5m2!1str!2str" width="800" height="600" frameborder="0" allowfullscreen="allowfullscreen"></iframe></p>
<p> </p>

<p>Türk Eğitim-Sen ve UAESEB üyesi olan, kongreye katılmak isteyen katılımcılardan sembolik olarak 200 TL ;üye olmayanlardan 3200 TL katılım ücreti alınacaktır. Paylaşımlı odalarda 7-8-9 Kasım 2019 tarihlerini içeren üç gece konaklama, ikramlar ve havaalanından otele, otelden hava alanına transferler gibi bütün kongre giderleri Türk Eğitim-Sen tarafından karşılanacak; katılımcılardan alınan söz konusu sembolik ücret dışında hiçbir ücret talep edilmeyecektir. Bir… <span class="read-more"><a href="http://teskongre.org/fm2019/index.php/konaklama/">Read More &raquo;</a></span></p>
