{"id":30,"date":"2019-04-17T13:35:22","date_gmt":"2019-04-17T10:35:22","guid":{"rendered":"http:\/\/teskongre.org\/fm2019\/?page_id=30"},"modified":"2019-10-09T19:02:56","modified_gmt":"2019-10-09T16:02:56","slug":"duzenleme-kurulu","status":"publish","type":"page","link":"http:\/\/teskongre.org\/fm2019\/index.php\/duzenleme-kurulu\/","title":{"rendered":"D\u00fczenleme Kurulu"},"content":{"rendered":"\n<p>Prof. Dr. Seyhan FIRAT \u0130n\u015faat M\u00fchendisli\u011fi Gazi \u00dcniversitesi (Ba\u015fkan)<br \/>Prof. Dr. Haluk KORALAY Fizik Gazi \u00dcniversitesi (Ba\u015fkan Yard\u0131mc\u0131s\u0131)<br \/>Prof. Dr. Hayri DUMAN Biyoloji Gazi \u00dcniversitesi<br \/>Prof. Dr. \u0130smail USTA Tekstil M\u00fchendisli\u011fi Marmara \u00dcniversitesi <br \/>Prof. Dr. Bilal TOKLU End\u00fcstri M\u00fchendisli\u011fi Gazi \u00dcniversitesi <br \/>Prof. Dr. G\u00fcrkan \u00d6ZDEN \u0130n\u015faat M\u00fchendisli\u011fi Dokuz Eyl\u00fcl \u00dcniversitesi <br \/>Prof. Dr. M. Hakan HOCAO\u011eLU Elektronik M\u00fchendisli\u011fi Gebze Teknik \u00dcniversitesi <br \/>Prof. Dr. Ramazan KA\u00c7AR \u0130malat M\u00fchendisli\u011fi Karab\u00fck \u00dcniversitesi <br \/>Prof. Dr. Mehmet Akif BAKIR \u0130statistik Gazi \u00dcniversitesi <br \/>Prof. Dr. Cevdet S\u00d6\u011e\u00dcTL\u00dc A\u011fa\u00e7 i\u015fleri End\u00fcstri M\u00fchendisli\u011fi Gazi \u00dcniversitesi <br \/>Prof. Dr. \u00d6mer Faruk BAY Elektrik-Elektronik M\u00fchendisli\u011fi Gazi \u00dcniversitesi <br \/>Prof. Dr. Murat KOCA\u00a0 Kimya Ad\u0131yaman \u00dcniversitesi <br \/>Prof. Dr. \u015e\u00fckr\u00fc \u00c7AVDAR Fizik\u00a0 Gazi \u00dcniversitesi <br \/>Prof. Dr. O\u011fuzhan HASAN\u00c7EB\u0130 \u0130n\u015faat M\u00fchendisli\u011fi Orta Do\u011fu Teknik \u00dcniversitesi<br \/>Do\u00e7. Dr. \u0130smail \u015eAH\u0130N End\u00fcstriyel Tasar\u0131m M\u00fchendisli\u011fi Gazi \u00dcniversitesi <br \/>Do\u00e7. Dr. \u00d6zcan YAL\u00c7INKAYA Kimya Gazi \u00dcniversitesi <br \/>Dr. \u00d6mer ASAL \u0130malat M\u00fchendisli\u011fi\u00a0 Gazi \u00dcniversitesi <br \/>Dr. U\u011fur ARABACI Metal\u00fcrji ve Malzeme M\u00fchendisli\u011fi Gazi \u00dcniversitesi<\/p>\n","protected":false},"excerpt":{"rendered":"<p>Prof. Dr. Seyhan FIRAT \u0130n\u015faat M\u00fchendisli\u011fi Gazi \u00dcniversitesi (Ba\u015fkan)Prof. Dr. Haluk KORALAY Fizik Gazi \u00dcniversitesi (Ba\u015fkan Yard\u0131mc\u0131s\u0131)Prof. Dr. Hayri DUMAN Biyoloji Gazi \u00dcniversitesiProf. Dr. \u0130smail USTA Tekstil M\u00fchendisli\u011fi Marmara \u00dcniversitesi Prof. Dr. Bilal TOKLU End\u00fcstri M\u00fchendisli\u011fi Gazi \u00dcniversitesi Prof. Dr. G\u00fcrkan \u00d6ZDEN \u0130n\u015faat M\u00fchendisli\u011fi Dokuz Eyl\u00fcl \u00dcniversitesi Prof. Dr. M. Hakan HOCAO\u011eLU Elektronik M\u00fchendisli\u011fi Gebze\u2026 <span class=\"read-more\"><a href=\"http:\/\/teskongre.org\/fm2019\/index.php\/duzenleme-kurulu\/\">Read More &raquo;<\/a><\/span><\/p>\n","protected":false},"author":1,"featured_media":0,"parent":0,"menu_order":0,"comment_status":"closed","ping_status":"closed","template":"","meta":[],"_links":{"self":[{"href":"http:\/\/teskongre.org\/fm2019\/index.php\/wp-json\/wp\/v2\/pages\/30"}],"collection":[{"href":"http:\/\/teskongre.org\/fm2019\/index.php\/wp-json\/wp\/v2\/pages"}],"about":[{"href":"http:\/\/teskongre.org\/fm2019\/index.php\/wp-json\/wp\/v2\/types\/page"}],"author":[{"embeddable":true,"href":"http:\/\/teskongre.org\/fm2019\/index.php\/wp-json\/wp\/v2\/users\/1"}],"replies":[{"embeddable":true,"href":"http:\/\/teskongre.org\/fm2019\/index.php\/wp-json\/wp\/v2\/comments?post=30"}],"version-history":[{"count":5,"href":"http:\/\/teskongre.org\/fm2019\/index.php\/wp-json\/wp\/v2\/pages\/30\/revisions"}],"predecessor-version":[{"id":255,"href":"http:\/\/teskongre.org\/fm2019\/index.php\/wp-json\/wp\/v2\/pages\/30\/revisions\/255"}],"wp:attachment":[{"href":"http:\/\/teskongre.org\/fm2019\/index.php\/wp-json\/wp\/v2\/media?parent=30"}],"curies":[{"name":"wp","href":"https:\/\/api.w.org\/{rel}","templated":true}]}}